{"id":479,"date":"2020-11-26T14:37:54","date_gmt":"2020-11-26T13:37:54","guid":{"rendered":"http:\/\/operati.cluster030.hosting.ovh.net\/?page_id=479"},"modified":"2021-05-04T14:23:53","modified_gmt":"2021-05-04T12:23:53","slug":"ressources-de-nos-partenaires","status":"publish","type":"page","link":"https:\/\/operation-moliere.net\/index.php\/ressources\/ressources-pedagogiques\/ressources-de-nos-partenaires\/","title":{"rendered":"Ressources de nos partenaires"},"content":{"rendered":"\n<p class=\"has-text-color\" style=\"color:#581989\"><strong><span style=\"color:#851989\" class=\"has-inline-color\">CANOP\u00c9<\/span><\/strong><\/p>\n\n\n\n<ul class=\"wp-block-list\"><li><strong>Th\u00e9\u00e2tre en acte <\/strong>(r\u00e9serv\u00e9 aux enseignants) : ressources ; exploration de cinq pi\u00e8ces : <\/li><\/ul>\n\n\n\n<p><strong><em><a href=\"https:\/\/www.reseau-canope.fr\/edutheque-theatre-en-acte\/oeuvre\/moliere-1\/le-malade-imaginaire.html\" target=\"_blank\" rel=\"noreferrer noopener\">Le Malade imaginaire<\/a><\/em>, <em><a href=\"https:\/\/www.reseau-canope.fr\/edutheque-theatre-en-acte\/oeuvre\/moliere-1\/les-fourberies-de-scapin-1.html\" target=\"_blank\" rel=\"noreferrer noopener\">Les Fourberies de Scapin<\/a><\/em>, <em><a href=\"https:\/\/www.reseau-canope.fr\/edutheque-theatre-en-acte\/oeuvre\/moliere-1\/lecole-des-femmes.html\" target=\"_blank\" rel=\"noreferrer noopener\">L\u2019\u00c9cole des femmes<\/a><\/em>, <em><a href=\"https:\/\/www.reseau-canope.fr\/edutheque-theatre-en-acte\/oeuvre\/moliere-1\/dom-juan-1.html\" target=\"_blank\" rel=\"noreferrer noopener\">Dom Juan<\/a><\/em>, <em><a href=\"https:\/\/www.reseau-canope.fr\/edutheque-theatre-en-acte\/oeuvre\/moliere-1\/lavare.html\" target=\"_blank\" rel=\"noreferrer noopener\">L\u2019Avare<\/a><\/em><\/strong><\/p>\n\n\n\n<p>Et tr\u00e8s bient\u00f4t <em>Tartuffe<\/em><\/p>\n\n\n\n<p><strong><a href=\"https:\/\/www.reseau-canope.fr\/notice\/les-femmes-dans-trois-comedies-de-moliere.html\" target=\"_blank\" rel=\"noreferrer noopener\">Les femmes dans trois com\u00e9dies de Moli\u00e8re&nbsp;:&nbsp;<em>L\u2019\u00c9cole des femmes<\/em>&nbsp;(1662),&nbsp;<em>Le Tartuffe<\/em>&nbsp;(1664) et&nbsp;<em>L\u2019Amour m\u00e9decin<\/em>&nbsp;(1665)<\/a><\/strong> pour accompagner le baccalaur\u00e9at de sp\u00e9cialit\u00e9 th\u00e9\u00e2tre,&nbsp;en classe de terminale, baccalaur\u00e9at session 2021-2022.<\/p>\n\n\n\n<p><a href=\"https:\/\/www.reseau-canope.fr\/edutheque-theatre-en-acte\/auteur\/moliere-1.html?oid\">https:\/\/www.reseau-canope.fr\/edutheque-theatre-en-acte\/auteur\/moliere-1.html?oid<\/a><\/p>\n\n\n\n<ul class=\"wp-block-list\"><li><strong>Collection Pi\u00e8ces (d\u00e9)mont\u00e9es<\/strong><\/li><\/ul>\n\n\n\n<p><a rel=\"noreferrer noopener\" href=\"http:\/\/crdp.ac-paris.fr\/piece-demontee\/piece\/index.php?id=le-misanthrope\" target=\"_blank\"><em><strong>Le Misanthrope<\/strong><\/em>, <strong>mise en sc\u00e8ne Lukas Hemleb<\/strong><\/a>, Com\u00e9die-Fran\u00e7aise &#8211; dossier r\u00e9dig\u00e9 par Marine Jubin, 2007.<\/p>\n\n\n\n<p><strong><a rel=\"noreferrer noopener\" href=\"http:\/\/crdp.ac-paris.fr\/piece-demontee\/piece\/index.php?id=le-bourgeois-gentilhomme\" target=\"_blank\"><em>Le Bourgeois gentilhomme,<\/em> mise en sc\u00e8ne Philippe Car<\/a><\/strong>, Th\u00e9\u00e2tre du Gymnase &#8211; dossier r\u00e9dig\u00e9 par Caroline Veaux et Pascale Garabron, 2009.<\/p>\n\n\n\n<p><a href=\"http:\/\/crdp.ac-paris.fr\/piece-demontee\/piece\/index.php?id=avare\" target=\"_blank\" rel=\"noreferrer noopener\"><em><strong>L&#8217;Avare<\/strong><\/em>, <strong>mise en sc\u00e8ne Alexis Moati et Pierre Laneyrie<\/strong><\/a>, Th\u00e9\u00e2tre du Gymnase &#8211; dossier r\u00e9dig\u00e9 par Didier Castino et Caroline Veaux, 2011.<\/p>\n\n\n\n<p><a href=\"http:\/\/crdp.ac-paris.fr\/piece-demontee\/piece\/index.php?id=tartuffe\" target=\"_blank\" rel=\"noreferrer noopener\"><strong><em>Le Tartuffe<\/em><\/strong>, <strong>mise en sc\u00e8ne Laurent Delvert<\/strong><\/a>, Th\u00e9\u00e2tre du Beauvaisis &#8211; dossier r\u00e9dig\u00e9 par Sylvie Cherel et Pascal Deboffle, 2012.<\/p>\n\n\n\n<p><strong><a href=\"https:\/\/cdn.reseau-canope.fr\/archivage\/valid\/NT-piece--de-montee---tartuffe-ou-l-imposteur-7348-13291.pdf\" target=\"_blank\" rel=\"noreferrer noopener\"><em>Tartuffe ou l&#8217;imposteur<\/em>, mise en sc\u00e8ne Beno\u00eet Lambert<\/a><\/strong>, Th\u00e9\u00e2tre Dijon Bourgogne &#8211; dossier r\u00e9dig\u00e9 par Carole Vidal-Rosset, 2014.<\/p>\n\n\n\n<p><a href=\"https:\/\/cdn.reseau-canope.fr\/archivage\/valid\/NT-piece--de-montee---trissotin-ou-les-femmes-savantes-17357-13125.pdf\" target=\"_blank\" rel=\"noreferrer noopener\"><strong><em>Trissotin ou les femmes savantes<\/em>, mise en sc\u00e8ne Macha Make\u00efeff<\/strong><\/a>, La Cri\u00e9e, Th\u00e9\u00e2tre National de Marseille &#8211; dossier r\u00e9dig\u00e9 par Caroline Veaux, 2016.&nbsp;<\/p>\n\n\n\n<p><strong><a href=\"https:\/\/cdn.reseau-canope.fr\/archivage\/valid\/NT-piece--de-montee---dom-juan-17255-13081.pdf\" target=\"_blank\" rel=\"noreferrer noopener\"><em>Dom Juan<\/em>, mise en sc\u00e8ne Jean-Fran\u00e7ois Sivadier<\/a><\/strong>, Od\u00e9on-th\u00e9\u00e2tre de l&#8217;Europe &#8211; dossier r\u00e9dig\u00e9 par Rafa\u00eblle Jolivet Pignon, 2016.<\/p>\n\n\n\n<p><strong><a href=\"https:\/\/cdn.reseau-canope.fr\/archivage\/valid\/NT-piece--de-montee---amour-et-psyche-17010-13016.pdf\" target=\"_blank\" rel=\"noreferrer noopener\"><em>Amour et Psych\u00e9,<\/em> mise en sc\u00e8ne Omar Porras<\/a><\/strong>, Th\u00e9\u00e2tre de Caen &#8211; dossier r\u00e9dig\u00e9 par Marie Dauge, 2018.<\/p>\n\n\n\n<p><strong><a href=\"https:\/\/cdn.reseau-canope.fr\/archivage\/valid\/NT-piece--de-montee---le-malade-imaginaire-23706-16336.pdf\" target=\"_blank\" rel=\"noreferrer noopener\"><em>Le Malade imaginaire<\/em>, mise en sc\u00e8ne Claude Stratz<\/a><\/strong>, Com\u00e9die-Fran\u00e7aise &#8211; dossier r\u00e9dig\u00e9 par Marie-Laure Basuyaux, 2019.<\/p>\n\n\n\n<div style=\"height:29px\" aria-hidden=\"true\" class=\"wp-block-spacer\"><\/div>\n\n\n\n<p class=\"has-text-color\" style=\"color:#581989\"><strong><span style=\"color:#851989\" class=\"has-inline-color\">LA COM\u00c9DIE-FRAN\u00c7AISE<\/span><\/strong><\/p>\n\n\n\n<p>Pour acc\u00e9der \u00e0 toutes les ressources num\u00e9riques sur Moli\u00e8re : <strong><a href=\"https:\/\/www.comedie-francaise.fr\/fr\/ressources-numeriques?search=Moli%C3%A8re\" target=\"_blank\" rel=\"noreferrer noopener\">ICI<\/a><\/strong><\/p>\n\n\n\n<p>Par type de support\/format : <strong><a href=\"https:\/\/www.comedie-francaise.fr\/fr\/ressources-numeriques?search=Moli%C3%A8re&amp;type=image\" target=\"_blank\" rel=\"noreferrer noopener\">Image<\/a><\/strong> ; <strong><a href=\"https:\/\/www.comedie-francaise.fr\/fr\/ressources-numeriques?search=Moli%C3%A8re&amp;type=pdf\" target=\"_blank\" rel=\"noreferrer noopener\">PDF<\/a><\/strong> ; <strong><a href=\"https:\/\/www.comedie-francaise.fr\/fr\/ressources-numeriques?search=Moli%C3%A8re&amp;type=video\" target=\"_blank\" rel=\"noreferrer noopener\">Vid\u00e9o<\/a><\/strong><\/p>\n\n\n\n<p><a href=\"https:\/\/operation-moliere.net\/wp-content\/uploads\/2020\/12\/docpedagogiqueparcoursmoliere.pdf\" target=\"_blank\" rel=\"noreferrer noopener\"><strong>Dossier p\u00e9dagogique &#8220;Parcours Moli\u00e8re&#8221; de la Com\u00e9die-Fran\u00e7aise<\/strong><\/a> :<\/p>\n\n\n\n<p>Ce document fournit des outils p\u00e9dagogiques et des \u00e9l\u00e9ments sur le contexte historique dans lequel v\u00e9cut Moli\u00e8re ainsi que sur les principales \u00e9tapes de sa vie.<\/p>\n\n\n\n<p><strong>Dossiers p\u00e9dagogiques : <\/strong><\/p>\n\n\n\n<p><strong><em><a href=\"https:\/\/www.comedie-francaise.fr\/www\/comedie\/media\/document\/dossier-misanthrope1617.pdf\" target=\"_blank\" rel=\"noreferrer noopener\">Le Misanthrope ou le D\u00e9sir contrari\u00e9,<\/a><\/em><\/strong> mise en sc\u00e8ne Cl\u00e9ment Hervieu-L\u00e9ger, saison 2016-2017.<\/p>\n\n\n\n<p><strong><em><a href=\"https:\/\/www.comedie-francaise.fr\/www\/comedie\/media\/document\/dossier-misanthrope.pdf\" target=\"_blank\" rel=\"noreferrer noopener\">Le Misanthrope<\/a><\/em><\/strong>, mise en sc\u00e8ne Lukas Hemleb, saison 2006-2007.<\/p>\n\n\n\n<p><strong><em><a href=\"https:\/\/www.comedie-francaise.fr\/www\/comedie\/media\/document\/dossier-femmessavantes.pdf\" target=\"_blank\" rel=\"noreferrer noopener\">Les Femmes savantes<\/a><\/em><\/strong>, mise en sc\u00e8ne Bruno Bayen, saison 2010-2011.<\/p>\n\n\n\n<p><strong>Les pi\u00e8ces en images : <\/strong><\/p>\n\n\n\n<p><strong><em><a href=\"https:\/\/www.comedie-francaise.fr\/www\/comedie\/media\/document\/pei-misanthrope1314.pdf\" target=\"_blank\" rel=\"noreferrer noopener\">Le Misanthrope<\/a><\/em><\/strong> (parcours sur <em>Le Misanthrope<\/em> \u00e0 travers les collections iconographiques de la Com\u00e9die-Fran\u00e7aise)<\/p>\n\n\n\n<p><strong><em><a href=\"https:\/\/www.comedie-francaise.fr\/www\/comedie\/media\/\/document\/pieceenimages-fourberiesdescapin1718.pdf\" target=\"_blank\" rel=\"noreferrer noopener\">Les Fourberies de Scapin<\/a><\/em><\/strong> (parcours sur <em>les liens de Moli\u00e8re avec la com\u00e9die italienne<\/em> \u00e0 travers les collections iconographiques de la Com\u00e9die-Fran\u00e7aise)<\/p>\n\n\n\n<p><em><strong><a href=\"https:\/\/www.comedie-francaise.fr\/www\/comedie\/media\/document\/pei-tartuffe1415.pdf\" target=\"_blank\" rel=\"noreferrer noopener\">Le Tartuffe<\/a><\/strong><\/em> (parcours sur <em>Le Tartuffe \u00e0 la Com\u00e9die-Fran\u00e7aise<\/em> \u00e0 travers les collections iconographiques de la Com\u00e9die-Fran\u00e7aise)<\/p>\n\n\n\n<p><strong><em><a href=\"https:\/\/www.comedie-francaise.fr\/www\/comedie\/media\/document\/pei-domjuan1213.pdf\" target=\"_blank\" rel=\"noreferrer noopener\">Dom Juan <\/a><\/em><\/strong>(parcours historique autour de <em>Dom Juan<\/em> dans les collections iconographiques de la Com\u00e9die-Fran\u00e7aise)<\/p>\n\n\n\n<div style=\"height:23px\" aria-hidden=\"true\" class=\"wp-block-spacer\"><\/div>\n\n\n\n<p><strong><span style=\"color:#851989\" class=\"has-inline-color\">Minist\u00e8re de l&#8217;\u00c9ducation nationale<\/span><\/strong><\/p>\n\n\n\n<p><strong><em>Le Malade imaginaire<\/em><\/strong>, com\u00e9die m\u00eal\u00e9e de musique et de danses : <a href=\"https:\/\/eduscol.education.fr\/2462\/le-malade-imaginaire?fbclid=IwAR2mgpD0bMPB_9JUa4JsNR4cGvh6ZDtB6DEwjKwrRPgiJCgIpoq9jkFzZzo\">https:\/\/eduscol.education.fr\/2462\/le-malade-imaginaire?fbclid=IwAR2mgpD0bMPB_9JUa4JsNR4cGvh6ZDtB6DEwjKwrRPgiJCgIpoq9jkFzZzo<\/a><\/p>\n\n\n\n<p><a href=\"https:\/\/operation-moliere.net\/wp-content\/uploads\/2021\/04\/dans_les_coulisses_du_malade_imaginaire_0.pdf\" target=\"_blank\" rel=\"noreferrer noopener\">Dans les coulisses du Malade imaginaire<\/a> : document p\u00e9dagogique r\u00e9alis\u00e9 en par le Centre de musique baroque de Versailles et la direction g\u00e9n\u00e9rale de l&#8217;enseignement scolaire.<\/p>\n\n\n\n<p><strong>Les femmes dans trois com\u00e9dies de Moli\u00e8re<\/strong> &#8211; <strong>Bibliographie et sitographie<\/strong> : <a href=\"https:\/\/eduscol.education.fr\/theatre\/actualites\/sitographie-les-femmes-dans-trois-comedies-de-moliere\" target=\"_blank\" rel=\"noreferrer noopener\">https:\/\/eduscol.education.fr\/theatre\/actualites\/sitographie-les-femmes-dans-trois-comedies-de-moliere<\/a><\/p>\n\n\n\n<p><\/p>\n\n\n\n<p><\/p>\n","protected":false},"excerpt":{"rendered":"<p>CANOP\u00c9 Th\u00e9\u00e2tre en acte (r\u00e9serv\u00e9 aux enseignants) : ressources ; exploration de cinq pi\u00e8ces : Le Malade imaginaire, Les Fourberies de Scapin, L\u2019\u00c9cole des femmes, Dom Juan, L\u2019Avare Et tr\u00e8s bient\u00f4t Tartuffe Les femmes dans trois com\u00e9dies de Moli\u00e8re&nbsp;:&nbsp;L\u2019\u00c9cole des femmes&nbsp;(1662),&nbsp;Le Tartuffe&nbsp;(1664) et&nbsp;L\u2019Amour m\u00e9decin&nbsp;(1665) pour accompagner le baccalaur\u00e9at de sp\u00e9cialit\u00e9 [&hellip;]<\/p>\n","protected":false},"author":1,"featured_media":0,"parent":1692,"menu_order":1,"comment_status":"closed","ping_status":"closed","template":"","meta":{"footnotes":""},"class_list":["post-479","page","type-page","status-publish","hentry"],"yoast_head":"<!-- This site is optimized with the Yoast SEO plugin v27.4 - https:\/\/yoast.com\/product\/yoast-seo-wordpress\/ -->\n<title>Ressources de nos partenaires - Op\u00e9ration Moli\u00e8re<\/title>\n<meta name=\"description\" content=\"Liens vers les ressources p\u00e9dagogiques de nos partenaires pour l&#039;op\u00e9ration : Com\u00e9die-Fran\u00e7aise, CANOP\u00c9, etc\" \/>\n<meta name=\"robots\" content=\"index, follow, max-snippet:-1, max-image-preview:large, max-video-preview:-1\" \/>\n<link rel=\"canonical\" href=\"https:\/\/operation-moliere.net\/index.php\/ressources\/ressources-pedagogiques\/ressources-de-nos-partenaires\/\" \/>\n<meta property=\"og:locale\" content=\"fr_FR\" \/>\n<meta property=\"og:type\" content=\"article\" \/>\n<meta property=\"og:title\" content=\"Ressources de nos partenaires - Op\u00e9ration Moli\u00e8re\" \/>\n<meta property=\"og:description\" content=\"Liens vers les ressources p\u00e9dagogiques de nos partenaires pour l&#039;op\u00e9ration : Com\u00e9die-Fran\u00e7aise, CANOP\u00c9, etc\" \/>\n<meta property=\"og:url\" content=\"https:\/\/operation-moliere.net\/index.php\/ressources\/ressources-pedagogiques\/ressources-de-nos-partenaires\/\" \/>\n<meta property=\"og:site_name\" content=\"Op\u00e9ration Moli\u00e8re\" \/>\n<meta property=\"article:modified_time\" content=\"2021-05-04T12:23:53+00:00\" \/>\n<meta name=\"twitter:card\" content=\"summary_large_image\" \/>\n<meta name=\"twitter:label1\" content=\"Dur\u00e9e de lecture estim\u00e9e\" \/>\n\t<meta name=\"twitter:data1\" content=\"2 minutes\" \/>\n<script type=\"application\/ld+json\" class=\"yoast-schema-graph\">{\"@context\":\"https:\\\/\\\/schema.org\",\"@graph\":[{\"@type\":\"WebPage\",\"@id\":\"https:\\\/\\\/operation-moliere.net\\\/index.php\\\/ressources\\\/ressources-pedagogiques\\\/ressources-de-nos-partenaires\\\/\",\"url\":\"https:\\\/\\\/operation-moliere.net\\\/index.php\\\/ressources\\\/ressources-pedagogiques\\\/ressources-de-nos-partenaires\\\/\",\"name\":\"Ressources de nos partenaires - Op\u00e9ration Moli\u00e8re\",\"isPartOf\":{\"@id\":\"https:\\\/\\\/operation-moliere.net\\\/#website\"},\"datePublished\":\"2020-11-26T13:37:54+00:00\",\"dateModified\":\"2021-05-04T12:23:53+00:00\",\"description\":\"Liens vers les ressources p\u00e9dagogiques de nos partenaires pour l'op\u00e9ration : Com\u00e9die-Fran\u00e7aise, CANOP\u00c9, etc\",\"breadcrumb\":{\"@id\":\"https:\\\/\\\/operation-moliere.net\\\/index.php\\\/ressources\\\/ressources-pedagogiques\\\/ressources-de-nos-partenaires\\\/#breadcrumb\"},\"inLanguage\":\"fr-FR\",\"potentialAction\":[{\"@type\":\"ReadAction\",\"target\":[\"https:\\\/\\\/operation-moliere.net\\\/index.php\\\/ressources\\\/ressources-pedagogiques\\\/ressources-de-nos-partenaires\\\/\"]}]},{\"@type\":\"BreadcrumbList\",\"@id\":\"https:\\\/\\\/operation-moliere.net\\\/index.php\\\/ressources\\\/ressources-pedagogiques\\\/ressources-de-nos-partenaires\\\/#breadcrumb\",\"itemListElement\":[{\"@type\":\"ListItem\",\"position\":1,\"name\":\"Accueil\",\"item\":\"https:\\\/\\\/operation-moliere.net\\\/\"},{\"@type\":\"ListItem\",\"position\":2,\"name\":\"RESSOURCES\",\"item\":\"https:\\\/\\\/operation-moliere.net\\\/index.php\\\/ressources\\\/\"},{\"@type\":\"ListItem\",\"position\":3,\"name\":\"RESSOURCES P\u00c9DAGOGIQUES\",\"item\":\"https:\\\/\\\/operation-moliere.net\\\/index.php\\\/ressources\\\/ressources-pedagogiques\\\/\"},{\"@type\":\"ListItem\",\"position\":4,\"name\":\"Ressources de nos partenaires\"}]},{\"@type\":\"WebSite\",\"@id\":\"https:\\\/\\\/operation-moliere.net\\\/#website\",\"url\":\"https:\\\/\\\/operation-moliere.net\\\/\",\"name\":\"Op\u00e9ration Moli\u00e8re\",\"description\":\"\",\"publisher\":{\"@id\":\"https:\\\/\\\/operation-moliere.net\\\/#organization\"},\"potentialAction\":[{\"@type\":\"SearchAction\",\"target\":{\"@type\":\"EntryPoint\",\"urlTemplate\":\"https:\\\/\\\/operation-moliere.net\\\/?s={search_term_string}\"},\"query-input\":{\"@type\":\"PropertyValueSpecification\",\"valueRequired\":true,\"valueName\":\"search_term_string\"}}],\"inLanguage\":\"fr-FR\"},{\"@type\":\"Organization\",\"@id\":\"https:\\\/\\\/operation-moliere.net\\\/#organization\",\"name\":\"Op\u00e9ration Moli\u00e8re\",\"url\":\"https:\\\/\\\/operation-moliere.net\\\/\",\"logo\":{\"@type\":\"ImageObject\",\"inLanguage\":\"fr-FR\",\"@id\":\"https:\\\/\\\/operation-moliere.net\\\/#\\\/schema\\\/logo\\\/image\\\/\",\"url\":\"https:\\\/\\\/i1.wp.com\\\/operati.cluster030.hosting.ovh.net\\\/wp-content\\\/uploads\\\/2020\\\/11\\\/logo_signature_min_remonte.jpg?fit=1750%2C1567\",\"contentUrl\":\"https:\\\/\\\/i1.wp.com\\\/operati.cluster030.hosting.ovh.net\\\/wp-content\\\/uploads\\\/2020\\\/11\\\/logo_signature_min_remonte.jpg?fit=1750%2C1567\",\"width\":1750,\"height\":1567,\"caption\":\"Op\u00e9ration Moli\u00e8re\"},\"image\":{\"@id\":\"https:\\\/\\\/operation-moliere.net\\\/#\\\/schema\\\/logo\\\/image\\\/\"}}]}<\/script>\n<!-- \/ Yoast SEO plugin. -->","yoast_head_json":{"title":"Ressources de nos partenaires - Op\u00e9ration Moli\u00e8re","description":"Liens vers les ressources p\u00e9dagogiques de nos partenaires pour l'op\u00e9ration : Com\u00e9die-Fran\u00e7aise, CANOP\u00c9, etc","robots":{"index":"index","follow":"follow","max-snippet":"max-snippet:-1","max-image-preview":"max-image-preview:large","max-video-preview":"max-video-preview:-1"},"canonical":"https:\/\/operation-moliere.net\/index.php\/ressources\/ressources-pedagogiques\/ressources-de-nos-partenaires\/","og_locale":"fr_FR","og_type":"article","og_title":"Ressources de nos partenaires - Op\u00e9ration Moli\u00e8re","og_description":"Liens vers les ressources p\u00e9dagogiques de nos partenaires pour l'op\u00e9ration : Com\u00e9die-Fran\u00e7aise, CANOP\u00c9, etc","og_url":"https:\/\/operation-moliere.net\/index.php\/ressources\/ressources-pedagogiques\/ressources-de-nos-partenaires\/","og_site_name":"Op\u00e9ration Moli\u00e8re","article_modified_time":"2021-05-04T12:23:53+00:00","twitter_card":"summary_large_image","twitter_misc":{"Dur\u00e9e de lecture estim\u00e9e":"2 minutes"},"schema":{"@context":"https:\/\/schema.org","@graph":[{"@type":"WebPage","@id":"https:\/\/operation-moliere.net\/index.php\/ressources\/ressources-pedagogiques\/ressources-de-nos-partenaires\/","url":"https:\/\/operation-moliere.net\/index.php\/ressources\/ressources-pedagogiques\/ressources-de-nos-partenaires\/","name":"Ressources de nos partenaires - Op\u00e9ration Moli\u00e8re","isPartOf":{"@id":"https:\/\/operation-moliere.net\/#website"},"datePublished":"2020-11-26T13:37:54+00:00","dateModified":"2021-05-04T12:23:53+00:00","description":"Liens vers les ressources p\u00e9dagogiques de nos partenaires pour l'op\u00e9ration : Com\u00e9die-Fran\u00e7aise, CANOP\u00c9, etc","breadcrumb":{"@id":"https:\/\/operation-moliere.net\/index.php\/ressources\/ressources-pedagogiques\/ressources-de-nos-partenaires\/#breadcrumb"},"inLanguage":"fr-FR","potentialAction":[{"@type":"ReadAction","target":["https:\/\/operation-moliere.net\/index.php\/ressources\/ressources-pedagogiques\/ressources-de-nos-partenaires\/"]}]},{"@type":"BreadcrumbList","@id":"https:\/\/operation-moliere.net\/index.php\/ressources\/ressources-pedagogiques\/ressources-de-nos-partenaires\/#breadcrumb","itemListElement":[{"@type":"ListItem","position":1,"name":"Accueil","item":"https:\/\/operation-moliere.net\/"},{"@type":"ListItem","position":2,"name":"RESSOURCES","item":"https:\/\/operation-moliere.net\/index.php\/ressources\/"},{"@type":"ListItem","position":3,"name":"RESSOURCES P\u00c9DAGOGIQUES","item":"https:\/\/operation-moliere.net\/index.php\/ressources\/ressources-pedagogiques\/"},{"@type":"ListItem","position":4,"name":"Ressources de nos partenaires"}]},{"@type":"WebSite","@id":"https:\/\/operation-moliere.net\/#website","url":"https:\/\/operation-moliere.net\/","name":"Op\u00e9ration Moli\u00e8re","description":"","publisher":{"@id":"https:\/\/operation-moliere.net\/#organization"},"potentialAction":[{"@type":"SearchAction","target":{"@type":"EntryPoint","urlTemplate":"https:\/\/operation-moliere.net\/?s={search_term_string}"},"query-input":{"@type":"PropertyValueSpecification","valueRequired":true,"valueName":"search_term_string"}}],"inLanguage":"fr-FR"},{"@type":"Organization","@id":"https:\/\/operation-moliere.net\/#organization","name":"Op\u00e9ration Moli\u00e8re","url":"https:\/\/operation-moliere.net\/","logo":{"@type":"ImageObject","inLanguage":"fr-FR","@id":"https:\/\/operation-moliere.net\/#\/schema\/logo\/image\/","url":"https:\/\/i1.wp.com\/operati.cluster030.hosting.ovh.net\/wp-content\/uploads\/2020\/11\/logo_signature_min_remonte.jpg?fit=1750%2C1567","contentUrl":"https:\/\/i1.wp.com\/operati.cluster030.hosting.ovh.net\/wp-content\/uploads\/2020\/11\/logo_signature_min_remonte.jpg?fit=1750%2C1567","width":1750,"height":1567,"caption":"Op\u00e9ration Moli\u00e8re"},"image":{"@id":"https:\/\/operation-moliere.net\/#\/schema\/logo\/image\/"}}]}},"jetpack_sharing_enabled":true,"_links":{"self":[{"href":"https:\/\/operation-moliere.net\/index.php\/wp-json\/wp\/v2\/pages\/479","targetHints":{"allow":["GET"]}}],"collection":[{"href":"https:\/\/operation-moliere.net\/index.php\/wp-json\/wp\/v2\/pages"}],"about":[{"href":"https:\/\/operation-moliere.net\/index.php\/wp-json\/wp\/v2\/types\/page"}],"author":[{"embeddable":true,"href":"https:\/\/operation-moliere.net\/index.php\/wp-json\/wp\/v2\/users\/1"}],"replies":[{"embeddable":true,"href":"https:\/\/operation-moliere.net\/index.php\/wp-json\/wp\/v2\/comments?post=479"}],"version-history":[{"count":30,"href":"https:\/\/operation-moliere.net\/index.php\/wp-json\/wp\/v2\/pages\/479\/revisions"}],"predecessor-version":[{"id":1843,"href":"https:\/\/operation-moliere.net\/index.php\/wp-json\/wp\/v2\/pages\/479\/revisions\/1843"}],"up":[{"embeddable":true,"href":"https:\/\/operation-moliere.net\/index.php\/wp-json\/wp\/v2\/pages\/1692"}],"wp:attachment":[{"href":"https:\/\/operation-moliere.net\/index.php\/wp-json\/wp\/v2\/media?parent=479"}],"curies":[{"name":"wp","href":"https:\/\/api.w.org\/{rel}","templated":true}]}}