{"id":2160,"date":"2021-10-01T14:22:43","date_gmt":"2021-10-01T12:22:43","guid":{"rendered":"http:\/\/operati.cluster030.hosting.ovh.net\/?page_id=2160"},"modified":"2023-04-05T12:31:13","modified_gmt":"2023-04-05T10:31:13","slug":"le-cas-de-tartuffe-dom-juan-et-psyche-ou-le-ciel-la-nuit-et-la-fete","status":"publish","type":"page","link":"https:\/\/operation-moliere.net\/index.php\/ressources\/ressources-pedagogiques\/ressources-issues-de-nos-formations\/le-cas-de-tartuffe-dom-juan-et-psyche-ou-le-ciel-la-nuit-et-la-fete\/","title":{"rendered":"Le cas de Tartuffe, Dom Juan et Psych\u00e9&#8230;Ou Le ciel, la nuit et la f\u00eate"},"content":{"rendered":"\n<p class=\"has-small-font-size\"><em>Le ciel, la nuit et la f\u00eate<\/em>, mises en sc\u00e8ne L\u00e9o Cohen-Paperman, \u00c9milien Diard-Det\u0153uf et Julien Romelard.<\/p>\n\n\n\n<p><strong>Intervention de Georges Forestier <\/strong>: <em>De Moli\u00e8re au travail \u00e0 Moli\u00e8re interpr\u00e9t\u00e9 OU comment des pi\u00e8ces de circonstance ont pu finir par passer pour des pi\u00e8ces embl\u00e9matiques de la pens\u00e9e de Moli\u00e8re. Le cas de Tartuffe, Dom Juan, Psych\u00e9<\/em>.<\/p>\n\n\n\n<figure class=\"wp-block-embed is-type-video is-provider-youtube wp-block-embed-youtube wp-embed-aspect-16-9 wp-has-aspect-ratio\"><div class=\"wp-block-embed__wrapper\">\n<iframe loading=\"lazy\" title=\"De Moli\u00e8re au travail \u00e0 Moli\u00e8re interpr\u00e9t\u00e9\" width=\"750\" height=\"422\" src=\"https:\/\/www.youtube.com\/embed\/ZkIXdqGfkqU?feature=oembed\" frameborder=\"0\" allow=\"accelerometer; autoplay; clipboard-write; encrypted-media; gyroscope; picture-in-picture\" allowfullscreen><\/iframe>\n<\/div><\/figure>\n\n\n\n<p><strong>Rencontre avec les 3 metteurs en sc\u00e8ne : <\/strong>L\u00e9o Cohen-Paperman, \u00c9milien Diard-Det\u0153uf et Julien Romelard, metteurs en sc\u00e8ne du spectacle <em>Le Ciel, la nuit et la f\u00eate<\/em> au clo\u00eetre Saint-Louis.<\/p>\n\n\n\n<figure class=\"wp-block-embed is-type-video is-provider-youtube wp-block-embed-youtube wp-embed-aspect-16-9 wp-has-aspect-ratio\"><div class=\"wp-block-embed__wrapper\">\n<iframe loading=\"lazy\" title=\"Rencontre avec le NTP : L\u00e9o Cohen-Paperman, \u00c9milien Diard-Detoeuf et Julien Romelard.\" width=\"750\" height=\"422\" src=\"https:\/\/www.youtube.com\/embed\/bl_4Oys-cQE?feature=oembed\" frameborder=\"0\" allow=\"accelerometer; autoplay; clipboard-write; encrypted-media; gyroscope; picture-in-picture\" allowfullscreen><\/iframe>\n<\/div><\/figure>\n\n\n\n<p><\/p>\n\n\n\n<p><strong>Rencontre avec Jean-Gabriel Carasso<\/strong>, r\u00e9alisateur du film &#8220;Les H\u00e9ritiers de l\u2019avenir&#8221; qui a suivi pour la seconde fois l&#8217;\u00e9quipe du Nouveau Th\u00e9\u00e2tre Populaire.<\/p>\n\n\n\n<figure class=\"wp-block-embed is-type-video is-provider-youtube wp-block-embed-youtube wp-embed-aspect-16-9 wp-has-aspect-ratio\"><div class=\"wp-block-embed__wrapper\">\n<iframe loading=\"lazy\" title=\"Rencontre avec Jean-Gabriel Carasso, r\u00e9alisateur  du film &quot;Les h\u00e9ritiers de l\u2019avenir&quot;.\" width=\"750\" height=\"422\" src=\"https:\/\/www.youtube.com\/embed\/M30JOfMoeIE?feature=oembed\" frameborder=\"0\" allow=\"accelerometer; autoplay; clipboard-write; encrypted-media; gyroscope; picture-in-picture\" allowfullscreen><\/iframe>\n<\/div><\/figure>\n\n\n\n<p><strong>Ces interventions se sont d\u00e9roul\u00e9es lors du s\u00e9minaire de l&#8217;ANRAT (21-23 juillet 2021), en partenariat avec le Festival d&#8217;Avignon\u2026<\/strong><\/p>\n","protected":false},"excerpt":{"rendered":"<p>Le ciel, la nuit et la f\u00eate, mises en sc\u00e8ne L\u00e9o Cohen-Paperman, \u00c9milien Diard-Det\u0153uf et Julien Romelard. Intervention de Georges Forestier : De Moli\u00e8re au travail \u00e0 Moli\u00e8re interpr\u00e9t\u00e9 OU comment des pi\u00e8ces de circonstance ont pu finir par passer pour des pi\u00e8ces embl\u00e9matiques de la pens\u00e9e de Moli\u00e8re. Le [&hellip;]<\/p>\n","protected":false},"author":1,"featured_media":0,"parent":1690,"menu_order":8,"comment_status":"closed","ping_status":"closed","template":"","meta":{"footnotes":""},"class_list":["post-2160","page","type-page","status-publish","hentry"],"yoast_head":"<!-- This site is optimized with the Yoast SEO plugin v27.5 - https:\/\/yoast.com\/product\/yoast-seo-wordpress\/ -->\n<title>Le cas de Tartuffe, Dom Juan et Psych\u00e9...Ou Le ciel, la nuit et la f\u00eate - Op\u00e9ration Moli\u00e8re<\/title>\n<meta name=\"robots\" content=\"index, follow, max-snippet:-1, max-image-preview:large, max-video-preview:-1\" \/>\n<link rel=\"canonical\" href=\"https:\/\/operation-moliere.net\/index.php\/ressources\/ressources-pedagogiques\/ressources-issues-de-nos-formations\/le-cas-de-tartuffe-dom-juan-et-psyche-ou-le-ciel-la-nuit-et-la-fete\/\" \/>\n<meta property=\"og:locale\" content=\"fr_FR\" \/>\n<meta property=\"og:type\" content=\"article\" \/>\n<meta property=\"og:title\" content=\"Le cas de Tartuffe, Dom Juan et Psych\u00e9...Ou Le ciel, la nuit et la f\u00eate - Op\u00e9ration Moli\u00e8re\" \/>\n<meta property=\"og:description\" content=\"Le ciel, la nuit et la f\u00eate, mises en sc\u00e8ne L\u00e9o Cohen-Paperman, \u00c9milien Diard-Det\u0153uf et Julien Romelard. Intervention de Georges Forestier : De Moli\u00e8re au travail \u00e0 Moli\u00e8re interpr\u00e9t\u00e9 OU comment des pi\u00e8ces de circonstance ont pu finir par passer pour des pi\u00e8ces embl\u00e9matiques de la pens\u00e9e de Moli\u00e8re. Le [&hellip;]\" \/>\n<meta property=\"og:url\" content=\"https:\/\/operation-moliere.net\/index.php\/ressources\/ressources-pedagogiques\/ressources-issues-de-nos-formations\/le-cas-de-tartuffe-dom-juan-et-psyche-ou-le-ciel-la-nuit-et-la-fete\/\" \/>\n<meta property=\"og:site_name\" content=\"Op\u00e9ration Moli\u00e8re\" \/>\n<meta property=\"article:modified_time\" content=\"2023-04-05T10:31:13+00:00\" \/>\n<meta name=\"twitter:card\" content=\"summary_large_image\" \/>\n<meta name=\"twitter:label1\" content=\"Dur\u00e9e de lecture estim\u00e9e\" \/>\n\t<meta name=\"twitter:data1\" content=\"1 minute\" \/>\n<script type=\"application\/ld+json\" class=\"yoast-schema-graph\">{\"@context\":\"https:\\\/\\\/schema.org\",\"@graph\":[{\"@type\":\"WebPage\",\"@id\":\"https:\\\/\\\/operation-moliere.net\\\/index.php\\\/ressources\\\/ressources-pedagogiques\\\/ressources-issues-de-nos-formations\\\/le-cas-de-tartuffe-dom-juan-et-psyche-ou-le-ciel-la-nuit-et-la-fete\\\/\",\"url\":\"https:\\\/\\\/operation-moliere.net\\\/index.php\\\/ressources\\\/ressources-pedagogiques\\\/ressources-issues-de-nos-formations\\\/le-cas-de-tartuffe-dom-juan-et-psyche-ou-le-ciel-la-nuit-et-la-fete\\\/\",\"name\":\"Le cas de Tartuffe, Dom Juan et Psych\u00e9...Ou Le ciel, la nuit et la f\u00eate - Op\u00e9ration Moli\u00e8re\",\"isPartOf\":{\"@id\":\"https:\\\/\\\/operation-moliere.net\\\/#website\"},\"datePublished\":\"2021-10-01T12:22:43+00:00\",\"dateModified\":\"2023-04-05T10:31:13+00:00\",\"breadcrumb\":{\"@id\":\"https:\\\/\\\/operation-moliere.net\\\/index.php\\\/ressources\\\/ressources-pedagogiques\\\/ressources-issues-de-nos-formations\\\/le-cas-de-tartuffe-dom-juan-et-psyche-ou-le-ciel-la-nuit-et-la-fete\\\/#breadcrumb\"},\"inLanguage\":\"fr-FR\",\"potentialAction\":[{\"@type\":\"ReadAction\",\"target\":[\"https:\\\/\\\/operation-moliere.net\\\/index.php\\\/ressources\\\/ressources-pedagogiques\\\/ressources-issues-de-nos-formations\\\/le-cas-de-tartuffe-dom-juan-et-psyche-ou-le-ciel-la-nuit-et-la-fete\\\/\"]}]},{\"@type\":\"BreadcrumbList\",\"@id\":\"https:\\\/\\\/operation-moliere.net\\\/index.php\\\/ressources\\\/ressources-pedagogiques\\\/ressources-issues-de-nos-formations\\\/le-cas-de-tartuffe-dom-juan-et-psyche-ou-le-ciel-la-nuit-et-la-fete\\\/#breadcrumb\",\"itemListElement\":[{\"@type\":\"ListItem\",\"position\":1,\"name\":\"Accueil\",\"item\":\"https:\\\/\\\/operation-moliere.net\\\/\"},{\"@type\":\"ListItem\",\"position\":2,\"name\":\"RESSOURCES\",\"item\":\"https:\\\/\\\/operation-moliere.net\\\/index.php\\\/ressources\\\/\"},{\"@type\":\"ListItem\",\"position\":3,\"name\":\"RESSOURCES P\u00c9DAGOGIQUES\",\"item\":\"https:\\\/\\\/operation-moliere.net\\\/index.php\\\/ressources\\\/ressources-pedagogiques\\\/\"},{\"@type\":\"ListItem\",\"position\":4,\"name\":\"Ressources issues de nos formations\",\"item\":\"https:\\\/\\\/operation-moliere.net\\\/index.php\\\/ressources\\\/ressources-pedagogiques\\\/ressources-issues-de-nos-formations\\\/\"},{\"@type\":\"ListItem\",\"position\":5,\"name\":\"Le cas de Tartuffe, Dom Juan et Psych\u00e9&#8230;Ou Le ciel, la nuit et la f\u00eate\"}]},{\"@type\":\"WebSite\",\"@id\":\"https:\\\/\\\/operation-moliere.net\\\/#website\",\"url\":\"https:\\\/\\\/operation-moliere.net\\\/\",\"name\":\"Op\u00e9ration Moli\u00e8re\",\"description\":\"\",\"publisher\":{\"@id\":\"https:\\\/\\\/operation-moliere.net\\\/#organization\"},\"potentialAction\":[{\"@type\":\"SearchAction\",\"target\":{\"@type\":\"EntryPoint\",\"urlTemplate\":\"https:\\\/\\\/operation-moliere.net\\\/?s={search_term_string}\"},\"query-input\":{\"@type\":\"PropertyValueSpecification\",\"valueRequired\":true,\"valueName\":\"search_term_string\"}}],\"inLanguage\":\"fr-FR\"},{\"@type\":\"Organization\",\"@id\":\"https:\\\/\\\/operation-moliere.net\\\/#organization\",\"name\":\"Op\u00e9ration Moli\u00e8re\",\"url\":\"https:\\\/\\\/operation-moliere.net\\\/\",\"logo\":{\"@type\":\"ImageObject\",\"inLanguage\":\"fr-FR\",\"@id\":\"https:\\\/\\\/operation-moliere.net\\\/#\\\/schema\\\/logo\\\/image\\\/\",\"url\":\"https:\\\/\\\/i1.wp.com\\\/operati.cluster030.hosting.ovh.net\\\/wp-content\\\/uploads\\\/2020\\\/11\\\/logo_signature_min_remonte.jpg?fit=1750%2C1567\",\"contentUrl\":\"https:\\\/\\\/i1.wp.com\\\/operati.cluster030.hosting.ovh.net\\\/wp-content\\\/uploads\\\/2020\\\/11\\\/logo_signature_min_remonte.jpg?fit=1750%2C1567\",\"width\":1750,\"height\":1567,\"caption\":\"Op\u00e9ration Moli\u00e8re\"},\"image\":{\"@id\":\"https:\\\/\\\/operation-moliere.net\\\/#\\\/schema\\\/logo\\\/image\\\/\"}}]}<\/script>\n<!-- \/ Yoast SEO plugin. -->","yoast_head_json":{"title":"Le cas de Tartuffe, Dom Juan et Psych\u00e9...Ou Le ciel, la nuit et la f\u00eate - Op\u00e9ration Moli\u00e8re","robots":{"index":"index","follow":"follow","max-snippet":"max-snippet:-1","max-image-preview":"max-image-preview:large","max-video-preview":"max-video-preview:-1"},"canonical":"https:\/\/operation-moliere.net\/index.php\/ressources\/ressources-pedagogiques\/ressources-issues-de-nos-formations\/le-cas-de-tartuffe-dom-juan-et-psyche-ou-le-ciel-la-nuit-et-la-fete\/","og_locale":"fr_FR","og_type":"article","og_title":"Le cas de Tartuffe, Dom Juan et Psych\u00e9...Ou Le ciel, la nuit et la f\u00eate - Op\u00e9ration Moli\u00e8re","og_description":"Le ciel, la nuit et la f\u00eate, mises en sc\u00e8ne L\u00e9o Cohen-Paperman, \u00c9milien Diard-Det\u0153uf et Julien Romelard. Intervention de Georges Forestier : De Moli\u00e8re au travail \u00e0 Moli\u00e8re interpr\u00e9t\u00e9 OU comment des pi\u00e8ces de circonstance ont pu finir par passer pour des pi\u00e8ces embl\u00e9matiques de la pens\u00e9e de Moli\u00e8re. Le [&hellip;]","og_url":"https:\/\/operation-moliere.net\/index.php\/ressources\/ressources-pedagogiques\/ressources-issues-de-nos-formations\/le-cas-de-tartuffe-dom-juan-et-psyche-ou-le-ciel-la-nuit-et-la-fete\/","og_site_name":"Op\u00e9ration Moli\u00e8re","article_modified_time":"2023-04-05T10:31:13+00:00","twitter_card":"summary_large_image","twitter_misc":{"Dur\u00e9e de lecture estim\u00e9e":"1 minute"},"schema":{"@context":"https:\/\/schema.org","@graph":[{"@type":"WebPage","@id":"https:\/\/operation-moliere.net\/index.php\/ressources\/ressources-pedagogiques\/ressources-issues-de-nos-formations\/le-cas-de-tartuffe-dom-juan-et-psyche-ou-le-ciel-la-nuit-et-la-fete\/","url":"https:\/\/operation-moliere.net\/index.php\/ressources\/ressources-pedagogiques\/ressources-issues-de-nos-formations\/le-cas-de-tartuffe-dom-juan-et-psyche-ou-le-ciel-la-nuit-et-la-fete\/","name":"Le cas de Tartuffe, Dom Juan et Psych\u00e9...Ou Le ciel, la nuit et la f\u00eate - Op\u00e9ration Moli\u00e8re","isPartOf":{"@id":"https:\/\/operation-moliere.net\/#website"},"datePublished":"2021-10-01T12:22:43+00:00","dateModified":"2023-04-05T10:31:13+00:00","breadcrumb":{"@id":"https:\/\/operation-moliere.net\/index.php\/ressources\/ressources-pedagogiques\/ressources-issues-de-nos-formations\/le-cas-de-tartuffe-dom-juan-et-psyche-ou-le-ciel-la-nuit-et-la-fete\/#breadcrumb"},"inLanguage":"fr-FR","potentialAction":[{"@type":"ReadAction","target":["https:\/\/operation-moliere.net\/index.php\/ressources\/ressources-pedagogiques\/ressources-issues-de-nos-formations\/le-cas-de-tartuffe-dom-juan-et-psyche-ou-le-ciel-la-nuit-et-la-fete\/"]}]},{"@type":"BreadcrumbList","@id":"https:\/\/operation-moliere.net\/index.php\/ressources\/ressources-pedagogiques\/ressources-issues-de-nos-formations\/le-cas-de-tartuffe-dom-juan-et-psyche-ou-le-ciel-la-nuit-et-la-fete\/#breadcrumb","itemListElement":[{"@type":"ListItem","position":1,"name":"Accueil","item":"https:\/\/operation-moliere.net\/"},{"@type":"ListItem","position":2,"name":"RESSOURCES","item":"https:\/\/operation-moliere.net\/index.php\/ressources\/"},{"@type":"ListItem","position":3,"name":"RESSOURCES P\u00c9DAGOGIQUES","item":"https:\/\/operation-moliere.net\/index.php\/ressources\/ressources-pedagogiques\/"},{"@type":"ListItem","position":4,"name":"Ressources issues de nos formations","item":"https:\/\/operation-moliere.net\/index.php\/ressources\/ressources-pedagogiques\/ressources-issues-de-nos-formations\/"},{"@type":"ListItem","position":5,"name":"Le cas de Tartuffe, Dom Juan et Psych\u00e9&#8230;Ou Le ciel, la nuit et la f\u00eate"}]},{"@type":"WebSite","@id":"https:\/\/operation-moliere.net\/#website","url":"https:\/\/operation-moliere.net\/","name":"Op\u00e9ration Moli\u00e8re","description":"","publisher":{"@id":"https:\/\/operation-moliere.net\/#organization"},"potentialAction":[{"@type":"SearchAction","target":{"@type":"EntryPoint","urlTemplate":"https:\/\/operation-moliere.net\/?s={search_term_string}"},"query-input":{"@type":"PropertyValueSpecification","valueRequired":true,"valueName":"search_term_string"}}],"inLanguage":"fr-FR"},{"@type":"Organization","@id":"https:\/\/operation-moliere.net\/#organization","name":"Op\u00e9ration Moli\u00e8re","url":"https:\/\/operation-moliere.net\/","logo":{"@type":"ImageObject","inLanguage":"fr-FR","@id":"https:\/\/operation-moliere.net\/#\/schema\/logo\/image\/","url":"https:\/\/i1.wp.com\/operati.cluster030.hosting.ovh.net\/wp-content\/uploads\/2020\/11\/logo_signature_min_remonte.jpg?fit=1750%2C1567","contentUrl":"https:\/\/i1.wp.com\/operati.cluster030.hosting.ovh.net\/wp-content\/uploads\/2020\/11\/logo_signature_min_remonte.jpg?fit=1750%2C1567","width":1750,"height":1567,"caption":"Op\u00e9ration Moli\u00e8re"},"image":{"@id":"https:\/\/operation-moliere.net\/#\/schema\/logo\/image\/"}}]}},"jetpack_sharing_enabled":true,"_links":{"self":[{"href":"https:\/\/operation-moliere.net\/index.php\/wp-json\/wp\/v2\/pages\/2160","targetHints":{"allow":["GET"]}}],"collection":[{"href":"https:\/\/operation-moliere.net\/index.php\/wp-json\/wp\/v2\/pages"}],"about":[{"href":"https:\/\/operation-moliere.net\/index.php\/wp-json\/wp\/v2\/types\/page"}],"author":[{"embeddable":true,"href":"https:\/\/operation-moliere.net\/index.php\/wp-json\/wp\/v2\/users\/1"}],"replies":[{"embeddable":true,"href":"https:\/\/operation-moliere.net\/index.php\/wp-json\/wp\/v2\/comments?post=2160"}],"version-history":[{"count":6,"href":"https:\/\/operation-moliere.net\/index.php\/wp-json\/wp\/v2\/pages\/2160\/revisions"}],"predecessor-version":[{"id":2231,"href":"https:\/\/operation-moliere.net\/index.php\/wp-json\/wp\/v2\/pages\/2160\/revisions\/2231"}],"up":[{"embeddable":true,"href":"https:\/\/operation-moliere.net\/index.php\/wp-json\/wp\/v2\/pages\/1690"}],"wp:attachment":[{"href":"https:\/\/operation-moliere.net\/index.php\/wp-json\/wp\/v2\/media?parent=2160"}],"curies":[{"name":"wp","href":"https:\/\/api.w.org\/{rel}","templated":true}]}}