{"id":1895,"date":"2021-07-04T20:45:06","date_gmt":"2021-07-04T18:45:06","guid":{"rendered":"http:\/\/operati.cluster030.hosting.ovh.net\/?page_id=1895"},"modified":"2023-06-05T16:41:22","modified_gmt":"2023-06-05T14:41:22","slug":"grands-prix-defi-2021","status":"publish","type":"page","link":"https:\/\/operation-moliere.net\/index.php\/defi-moliere\/les-autres-actions-valorisees\/grands-prix-defi-2021\/","title":{"rendered":"GRANDS PRIX D\u00c9FI 2020-2021"},"content":{"rendered":"\n<p><strong>GRAND PRIX DES LOUPIOTS <\/strong>: <a href=\"https:\/\/youtu.be\/fxacMNAypZs\" target=\"_blank\" rel=\"noreferrer noopener\"><em><strong>Toinette pr\u00e9pare sa vengeance<\/strong><\/em> par <strong>Aur\u00e9lia<\/strong><\/a> &#8211; CPA Richard Wright \u00e0 Paris <\/p>\n\n\n\n<figure class=\"wp-block-embed is-type-video is-provider-youtube wp-block-embed-youtube wp-embed-aspect-16-9 wp-has-aspect-ratio\"><div class=\"wp-block-embed__wrapper\">\n<iframe loading=\"lazy\" title=\"Toinette pr\u00e9pare sa vengeance   Aur\u00e9lia Auteur\" width=\"750\" height=\"422\" src=\"https:\/\/www.youtube.com\/embed\/fxacMNAypZs?feature=oembed\" frameborder=\"0\" allow=\"accelerometer; autoplay; clipboard-write; encrypted-media; gyroscope; picture-in-picture\" allowfullscreen><\/iframe>\n<\/div><\/figure>\n\n\n\n<p><strong>GRAND PRIX DES PRESQUE GRANDS <\/strong>: <strong>&#8220;<em>C&#8217;est tellement vrai qu&#8217;on n&#8217; y croit plus<\/em>&#8221; par Vadim &#8211; Coll\u00e8ge La Salle <\/strong>\u00e0 Avignon <\/p>\n\n\n\n<figure class=\"wp-block-audio\"><audio controls src=\"https:\/\/operation-moliere.net\/wp-content\/uploads\/2021\/07\/Vadim.mp3\"><\/audio><\/figure>\n\n\n\n<p><strong>GRAND PRIX DES VRAIMENT GRANDS <\/strong>: <strong><em>L&#8217;Orvi\u00e9tan<\/em><\/strong> par <strong><a href=\"https:\/\/www.youtube.com\/watch?v=fBDNO-kDnvQ\" target=\"_blank\" rel=\"noreferrer noopener\">les \u00e9l\u00e8ves de sp\u00e9cialit\u00e9 et d&#8217;option facultative th\u00e9\u00e2tre du lyc\u00e9e Romain Rolland<\/a><\/strong> \u00e0 Ivry-sur-Seine <\/p>\n\n\n\n<figure class=\"wp-block-embed is-type-video is-provider-youtube wp-block-embed-youtube wp-embed-aspect-16-9 wp-has-aspect-ratio\"><div class=\"wp-block-embed__wrapper\">\n<iframe loading=\"lazy\" title=\"L&#039;orvi\u00e9tan d\u00e9fi moli\u00e8re romainrolland ivry\" width=\"750\" height=\"422\" src=\"https:\/\/www.youtube.com\/embed\/fBDNO-kDnvQ?feature=oembed\" frameborder=\"0\" allow=\"accelerometer; autoplay; clipboard-write; encrypted-media; gyroscope; picture-in-picture\" allowfullscreen><\/iframe>\n<\/div><\/figure>\n\n\n\n<p>GRAND PRIX DES TR\u00c8S TR\u00c8S GRANDS : <strong><a href=\"https:\/\/operation-moliere.net\/wp-content\/uploads\/2021\/07\/LAURENT-CHER-MOLIERE.docx\" target=\"_blank\" rel=\"noreferrer noopener\">Lettre \u00e0 Moli\u00e8re par Laurent Devismes<\/a><\/strong>, mention sp\u00e9ciale &#8220;prix de la langue \u00e0 Moli\u00e8re&#8221; <\/p>\n","protected":false},"excerpt":{"rendered":"<p>GRAND PRIX DES LOUPIOTS : Toinette pr\u00e9pare sa vengeance par Aur\u00e9lia &#8211; CPA Richard Wright \u00e0 Paris GRAND PRIX DES PRESQUE GRANDS : &#8220;C&#8217;est tellement vrai qu&#8217;on n&#8217; y croit plus&#8221; par Vadim &#8211; Coll\u00e8ge La Salle \u00e0 Avignon GRAND PRIX DES VRAIMENT GRANDS : L&#8217;Orvi\u00e9tan par les \u00e9l\u00e8ves de [&hellip;]<\/p>\n","protected":false},"author":1,"featured_media":0,"parent":648,"menu_order":1,"comment_status":"closed","ping_status":"closed","template":"","meta":{"footnotes":""},"class_list":["post-1895","page","type-page","status-publish","hentry"],"yoast_head":"<!-- This site is optimized with the Yoast SEO plugin v27.3 - https:\/\/yoast.com\/product\/yoast-seo-wordpress\/ -->\n<title>GRANDS PRIX D\u00c9FI 2020-2021 - Op\u00e9ration Moli\u00e8re<\/title>\n<meta name=\"robots\" content=\"index, follow, max-snippet:-1, max-image-preview:large, max-video-preview:-1\" \/>\n<link rel=\"canonical\" href=\"https:\/\/operation-moliere.net\/index.php\/defi-moliere\/les-autres-actions-valorisees\/grands-prix-defi-2021\/\" \/>\n<meta property=\"og:locale\" content=\"fr_FR\" \/>\n<meta property=\"og:type\" content=\"article\" \/>\n<meta property=\"og:title\" content=\"GRANDS PRIX D\u00c9FI 2020-2021 - Op\u00e9ration Moli\u00e8re\" \/>\n<meta property=\"og:description\" content=\"GRAND PRIX DES LOUPIOTS : Toinette pr\u00e9pare sa vengeance par Aur\u00e9lia &#8211; CPA Richard Wright \u00e0 Paris GRAND PRIX DES PRESQUE GRANDS : &#8220;C&#8217;est tellement vrai qu&#8217;on n&#8217; y croit plus&#8221; par Vadim &#8211; Coll\u00e8ge La Salle \u00e0 Avignon GRAND PRIX DES VRAIMENT GRANDS : L&#8217;Orvi\u00e9tan par les \u00e9l\u00e8ves de [&hellip;]\" \/>\n<meta property=\"og:url\" content=\"https:\/\/operation-moliere.net\/index.php\/defi-moliere\/les-autres-actions-valorisees\/grands-prix-defi-2021\/\" \/>\n<meta property=\"og:site_name\" content=\"Op\u00e9ration Moli\u00e8re\" \/>\n<meta property=\"article:modified_time\" content=\"2023-06-05T14:41:22+00:00\" \/>\n<meta name=\"twitter:card\" content=\"summary_large_image\" \/>\n<meta name=\"twitter:label1\" content=\"Dur\u00e9e de lecture estim\u00e9e\" \/>\n\t<meta name=\"twitter:data1\" content=\"1 minute\" \/>\n<script type=\"application\/ld+json\" class=\"yoast-schema-graph\">{\"@context\":\"https:\\\/\\\/schema.org\",\"@graph\":[{\"@type\":\"WebPage\",\"@id\":\"https:\\\/\\\/operation-moliere.net\\\/index.php\\\/defi-moliere\\\/les-autres-actions-valorisees\\\/grands-prix-defi-2021\\\/\",\"url\":\"https:\\\/\\\/operation-moliere.net\\\/index.php\\\/defi-moliere\\\/les-autres-actions-valorisees\\\/grands-prix-defi-2021\\\/\",\"name\":\"GRANDS PRIX D\u00c9FI 2020-2021 - Op\u00e9ration Moli\u00e8re\",\"isPartOf\":{\"@id\":\"https:\\\/\\\/operation-moliere.net\\\/#website\"},\"datePublished\":\"2021-07-04T18:45:06+00:00\",\"dateModified\":\"2023-06-05T14:41:22+00:00\",\"breadcrumb\":{\"@id\":\"https:\\\/\\\/operation-moliere.net\\\/index.php\\\/defi-moliere\\\/les-autres-actions-valorisees\\\/grands-prix-defi-2021\\\/#breadcrumb\"},\"inLanguage\":\"fr-FR\",\"potentialAction\":[{\"@type\":\"ReadAction\",\"target\":[\"https:\\\/\\\/operation-moliere.net\\\/index.php\\\/defi-moliere\\\/les-autres-actions-valorisees\\\/grands-prix-defi-2021\\\/\"]}]},{\"@type\":\"BreadcrumbList\",\"@id\":\"https:\\\/\\\/operation-moliere.net\\\/index.php\\\/defi-moliere\\\/les-autres-actions-valorisees\\\/grands-prix-defi-2021\\\/#breadcrumb\",\"itemListElement\":[{\"@type\":\"ListItem\",\"position\":1,\"name\":\"Accueil\",\"item\":\"https:\\\/\\\/operation-moliere.net\\\/\"},{\"@type\":\"ListItem\",\"position\":2,\"name\":\"LE D\u00c9FI MOLI\u00c8RE\",\"item\":\"https:\\\/\\\/operation-moliere.net\\\/index.php\\\/defi-moliere\\\/\"},{\"@type\":\"ListItem\",\"position\":3,\"name\":\"PALMAR\u00c8S &#8211; \u00c9DITION 2020-2021\",\"item\":\"https:\\\/\\\/operation-moliere.net\\\/index.php\\\/defi-moliere\\\/les-autres-actions-valorisees\\\/\"},{\"@type\":\"ListItem\",\"position\":4,\"name\":\"GRANDS PRIX D\u00c9FI 2020-2021\"}]},{\"@type\":\"WebSite\",\"@id\":\"https:\\\/\\\/operation-moliere.net\\\/#website\",\"url\":\"https:\\\/\\\/operation-moliere.net\\\/\",\"name\":\"Op\u00e9ration Moli\u00e8re\",\"description\":\"\",\"publisher\":{\"@id\":\"https:\\\/\\\/operation-moliere.net\\\/#organization\"},\"potentialAction\":[{\"@type\":\"SearchAction\",\"target\":{\"@type\":\"EntryPoint\",\"urlTemplate\":\"https:\\\/\\\/operation-moliere.net\\\/?s={search_term_string}\"},\"query-input\":{\"@type\":\"PropertyValueSpecification\",\"valueRequired\":true,\"valueName\":\"search_term_string\"}}],\"inLanguage\":\"fr-FR\"},{\"@type\":\"Organization\",\"@id\":\"https:\\\/\\\/operation-moliere.net\\\/#organization\",\"name\":\"Op\u00e9ration Moli\u00e8re\",\"url\":\"https:\\\/\\\/operation-moliere.net\\\/\",\"logo\":{\"@type\":\"ImageObject\",\"inLanguage\":\"fr-FR\",\"@id\":\"https:\\\/\\\/operation-moliere.net\\\/#\\\/schema\\\/logo\\\/image\\\/\",\"url\":\"https:\\\/\\\/i1.wp.com\\\/operati.cluster030.hosting.ovh.net\\\/wp-content\\\/uploads\\\/2020\\\/11\\\/logo_signature_min_remonte.jpg?fit=1750%2C1567\",\"contentUrl\":\"https:\\\/\\\/i1.wp.com\\\/operati.cluster030.hosting.ovh.net\\\/wp-content\\\/uploads\\\/2020\\\/11\\\/logo_signature_min_remonte.jpg?fit=1750%2C1567\",\"width\":1750,\"height\":1567,\"caption\":\"Op\u00e9ration Moli\u00e8re\"},\"image\":{\"@id\":\"https:\\\/\\\/operation-moliere.net\\\/#\\\/schema\\\/logo\\\/image\\\/\"}}]}<\/script>\n<!-- \/ Yoast SEO plugin. -->","yoast_head_json":{"title":"GRANDS PRIX D\u00c9FI 2020-2021 - Op\u00e9ration Moli\u00e8re","robots":{"index":"index","follow":"follow","max-snippet":"max-snippet:-1","max-image-preview":"max-image-preview:large","max-video-preview":"max-video-preview:-1"},"canonical":"https:\/\/operation-moliere.net\/index.php\/defi-moliere\/les-autres-actions-valorisees\/grands-prix-defi-2021\/","og_locale":"fr_FR","og_type":"article","og_title":"GRANDS PRIX D\u00c9FI 2020-2021 - Op\u00e9ration Moli\u00e8re","og_description":"GRAND PRIX DES LOUPIOTS : Toinette pr\u00e9pare sa vengeance par Aur\u00e9lia &#8211; CPA Richard Wright \u00e0 Paris GRAND PRIX DES PRESQUE GRANDS : &#8220;C&#8217;est tellement vrai qu&#8217;on n&#8217; y croit plus&#8221; par Vadim &#8211; Coll\u00e8ge La Salle \u00e0 Avignon GRAND PRIX DES VRAIMENT GRANDS : L&#8217;Orvi\u00e9tan par les \u00e9l\u00e8ves de [&hellip;]","og_url":"https:\/\/operation-moliere.net\/index.php\/defi-moliere\/les-autres-actions-valorisees\/grands-prix-defi-2021\/","og_site_name":"Op\u00e9ration Moli\u00e8re","article_modified_time":"2023-06-05T14:41:22+00:00","twitter_card":"summary_large_image","twitter_misc":{"Dur\u00e9e de lecture estim\u00e9e":"1 minute"},"schema":{"@context":"https:\/\/schema.org","@graph":[{"@type":"WebPage","@id":"https:\/\/operation-moliere.net\/index.php\/defi-moliere\/les-autres-actions-valorisees\/grands-prix-defi-2021\/","url":"https:\/\/operation-moliere.net\/index.php\/defi-moliere\/les-autres-actions-valorisees\/grands-prix-defi-2021\/","name":"GRANDS PRIX D\u00c9FI 2020-2021 - Op\u00e9ration Moli\u00e8re","isPartOf":{"@id":"https:\/\/operation-moliere.net\/#website"},"datePublished":"2021-07-04T18:45:06+00:00","dateModified":"2023-06-05T14:41:22+00:00","breadcrumb":{"@id":"https:\/\/operation-moliere.net\/index.php\/defi-moliere\/les-autres-actions-valorisees\/grands-prix-defi-2021\/#breadcrumb"},"inLanguage":"fr-FR","potentialAction":[{"@type":"ReadAction","target":["https:\/\/operation-moliere.net\/index.php\/defi-moliere\/les-autres-actions-valorisees\/grands-prix-defi-2021\/"]}]},{"@type":"BreadcrumbList","@id":"https:\/\/operation-moliere.net\/index.php\/defi-moliere\/les-autres-actions-valorisees\/grands-prix-defi-2021\/#breadcrumb","itemListElement":[{"@type":"ListItem","position":1,"name":"Accueil","item":"https:\/\/operation-moliere.net\/"},{"@type":"ListItem","position":2,"name":"LE D\u00c9FI MOLI\u00c8RE","item":"https:\/\/operation-moliere.net\/index.php\/defi-moliere\/"},{"@type":"ListItem","position":3,"name":"PALMAR\u00c8S &#8211; \u00c9DITION 2020-2021","item":"https:\/\/operation-moliere.net\/index.php\/defi-moliere\/les-autres-actions-valorisees\/"},{"@type":"ListItem","position":4,"name":"GRANDS PRIX D\u00c9FI 2020-2021"}]},{"@type":"WebSite","@id":"https:\/\/operation-moliere.net\/#website","url":"https:\/\/operation-moliere.net\/","name":"Op\u00e9ration Moli\u00e8re","description":"","publisher":{"@id":"https:\/\/operation-moliere.net\/#organization"},"potentialAction":[{"@type":"SearchAction","target":{"@type":"EntryPoint","urlTemplate":"https:\/\/operation-moliere.net\/?s={search_term_string}"},"query-input":{"@type":"PropertyValueSpecification","valueRequired":true,"valueName":"search_term_string"}}],"inLanguage":"fr-FR"},{"@type":"Organization","@id":"https:\/\/operation-moliere.net\/#organization","name":"Op\u00e9ration Moli\u00e8re","url":"https:\/\/operation-moliere.net\/","logo":{"@type":"ImageObject","inLanguage":"fr-FR","@id":"https:\/\/operation-moliere.net\/#\/schema\/logo\/image\/","url":"https:\/\/i1.wp.com\/operati.cluster030.hosting.ovh.net\/wp-content\/uploads\/2020\/11\/logo_signature_min_remonte.jpg?fit=1750%2C1567","contentUrl":"https:\/\/i1.wp.com\/operati.cluster030.hosting.ovh.net\/wp-content\/uploads\/2020\/11\/logo_signature_min_remonte.jpg?fit=1750%2C1567","width":1750,"height":1567,"caption":"Op\u00e9ration Moli\u00e8re"},"image":{"@id":"https:\/\/operation-moliere.net\/#\/schema\/logo\/image\/"}}]}},"jetpack_sharing_enabled":true,"_links":{"self":[{"href":"https:\/\/operation-moliere.net\/index.php\/wp-json\/wp\/v2\/pages\/1895","targetHints":{"allow":["GET"]}}],"collection":[{"href":"https:\/\/operation-moliere.net\/index.php\/wp-json\/wp\/v2\/pages"}],"about":[{"href":"https:\/\/operation-moliere.net\/index.php\/wp-json\/wp\/v2\/types\/page"}],"author":[{"embeddable":true,"href":"https:\/\/operation-moliere.net\/index.php\/wp-json\/wp\/v2\/users\/1"}],"replies":[{"embeddable":true,"href":"https:\/\/operation-moliere.net\/index.php\/wp-json\/wp\/v2\/comments?post=1895"}],"version-history":[{"count":4,"href":"https:\/\/operation-moliere.net\/index.php\/wp-json\/wp\/v2\/pages\/1895\/revisions"}],"predecessor-version":[{"id":2193,"href":"https:\/\/operation-moliere.net\/index.php\/wp-json\/wp\/v2\/pages\/1895\/revisions\/2193"}],"up":[{"embeddable":true,"href":"https:\/\/operation-moliere.net\/index.php\/wp-json\/wp\/v2\/pages\/648"}],"wp:attachment":[{"href":"https:\/\/operation-moliere.net\/index.php\/wp-json\/wp\/v2\/media?parent=1895"}],"curies":[{"name":"wp","href":"https:\/\/api.w.org\/{rel}","templated":true}]}}