{"id":1820,"date":"2021-04-21T15:22:40","date_gmt":"2021-04-21T13:22:40","guid":{"rendered":"http:\/\/operati.cluster030.hosting.ovh.net\/?page_id=1820"},"modified":"2023-06-05T17:22:05","modified_gmt":"2023-06-05T15:22:05","slug":"des-ecoles-des-femmes","status":"publish","type":"page","link":"https:\/\/operation-moliere.net\/index.php\/ressources\/ressources-pedagogiques\/ressources-issues-de-nos-formations\/des-ecoles-des-femmes\/","title":{"rendered":"L&#8217;\u00e9cole des femmes depuis Louis Jouvet"},"content":{"rendered":"\n<p>Analyse de sc\u00e8nes compar\u00e9es de <em>l\u2019\u00c9cole des femmes <\/em>dans les mises en sc\u00e8ne de Vigner, Bezace, Lassalle et Braunschweig.<\/p>\n\n\n\n<figure class=\"wp-block-embed is-type-video is-provider-youtube wp-block-embed-youtube wp-embed-aspect-16-9 wp-has-aspect-ratio\"><div class=\"wp-block-embed__wrapper\">\n<iframe loading=\"lazy\" title=\"Analyse de sc\u00e8nes compar\u00e9es - L&#039;\u00c9cole des femmes dans diff\u00e9rentes mises en sc\u00e8ne\" width=\"750\" height=\"422\" src=\"https:\/\/www.youtube.com\/embed\/ZIsMPdGqd2U?feature=oembed\" frameborder=\"0\" allow=\"accelerometer; autoplay; clipboard-write; encrypted-media; gyroscope; picture-in-picture\" allowfullscreen><\/iframe>\n<\/div><\/figure>\n\n\n\n<p>En compl\u00e9ment de la s\u00e9ance d\u2019analyse de sc\u00e8nes compar\u00e9es de <em>l\u2019\u00c9cole des femmes <\/em>(dans les mises en sc\u00e8ne de Vigner, Bezace, Lassalle et Braunschweig), voici 3 interventions de Yannic Mancel : <\/p>\n\n\n\n<ul class=\"wp-block-list\">\n<li><em>L&#8217;\u00e9cole des femmes<\/em> de Louis Jouvet (1936-1951) : une mise en sc\u00e8ne fondatrice<\/li>\n<\/ul>\n\n\n\n<figure class=\"wp-block-embed is-type-video is-provider-youtube wp-block-embed-youtube wp-embed-aspect-16-9 wp-has-aspect-ratio\"><div class=\"wp-block-embed__wrapper\">\n<iframe loading=\"lazy\" title=\"L&#039;\u00e9cole des femmes de Louis Jouvet (1936-1951) : une mise en sc\u00e8ne fondatrice\" width=\"750\" height=\"422\" src=\"https:\/\/www.youtube.com\/embed\/yaJWv00rgPA?feature=oembed\" frameborder=\"0\" allow=\"accelerometer; autoplay; clipboard-write; encrypted-media; gyroscope; picture-in-picture\" allowfullscreen><\/iframe>\n<\/div><\/figure>\n\n\n\n<ul class=\"wp-block-list\">\n<li><em>L&#8217;\u00e9cole des femmes <\/em>: 1959 -1988 (mises en sc\u00e8ne de Marcy, Roussillon, Vitez, Sobel et Mar\u00e9chal)`<\/li>\n<\/ul>\n\n\n\n<figure class=\"wp-block-embed is-type-video is-provider-youtube wp-block-embed-youtube wp-embed-aspect-16-9 wp-has-aspect-ratio\"><div class=\"wp-block-embed__wrapper\">\n<iframe loading=\"lazy\" title=\"L&#039;\u00c9cole des femmes : 1959 -1988 (mises en sc\u00e8ne de Marcy, Roussillon, Vitez, Sobel et Mar\u00e9chal)\" width=\"750\" height=\"422\" src=\"https:\/\/www.youtube.com\/embed\/8wZ_nEF3txo?feature=oembed\" frameborder=\"0\" allow=\"accelerometer; autoplay; clipboard-write; encrypted-media; gyroscope; picture-in-picture\" allowfullscreen><\/iframe>\n<\/div><\/figure>\n\n\n\n<ul class=\"wp-block-list\">\n<li><em>L&#8217;\u00e9cole des femmes<\/em> de Jacques Lassalle en 2001<\/li>\n<\/ul>\n\n\n\n<figure class=\"wp-block-embed is-type-video is-provider-youtube wp-block-embed-youtube wp-embed-aspect-16-9 wp-has-aspect-ratio\"><div class=\"wp-block-embed__wrapper\">\n<iframe loading=\"lazy\" title=\"L&#039;\u00c9cole des femmes de Jacques Lassalle de 2001\" width=\"750\" height=\"422\" src=\"https:\/\/www.youtube.com\/embed\/xWZ_bqwmwu0?feature=oembed\" frameborder=\"0\" allow=\"accelerometer; autoplay; clipboard-write; encrypted-media; gyroscope; picture-in-picture\" allowfullscreen><\/iframe>\n<\/div><\/figure>\n","protected":false},"excerpt":{"rendered":"<p>Analyse de sc\u00e8nes compar\u00e9es de l\u2019\u00c9cole des femmes dans les mises en sc\u00e8ne de Vigner, Bezace, Lassalle et Braunschweig. En compl\u00e9ment de la s\u00e9ance d\u2019analyse de sc\u00e8nes compar\u00e9es de l\u2019\u00c9cole des femmes (dans les mises en sc\u00e8ne de Vigner, Bezace, Lassalle et Braunschweig), voici 3 interventions de Yannic Mancel :<\/p>\n","protected":false},"author":1,"featured_media":0,"parent":1690,"menu_order":6,"comment_status":"closed","ping_status":"closed","template":"","meta":{"footnotes":""},"class_list":["post-1820","page","type-page","status-publish","hentry"],"yoast_head":"<!-- This site is optimized with the Yoast SEO plugin v27.3 - https:\/\/yoast.com\/product\/yoast-seo-wordpress\/ -->\n<title>L&#039;\u00e9cole des femmes depuis Louis Jouvet - Op\u00e9ration Moli\u00e8re<\/title>\n<meta name=\"robots\" content=\"index, follow, max-snippet:-1, max-image-preview:large, max-video-preview:-1\" \/>\n<link rel=\"canonical\" href=\"https:\/\/operation-moliere.net\/index.php\/ressources\/ressources-pedagogiques\/ressources-issues-de-nos-formations\/des-ecoles-des-femmes\/\" \/>\n<meta property=\"og:locale\" content=\"fr_FR\" \/>\n<meta property=\"og:type\" content=\"article\" \/>\n<meta property=\"og:title\" content=\"L&#039;\u00e9cole des femmes depuis Louis Jouvet - Op\u00e9ration Moli\u00e8re\" \/>\n<meta property=\"og:description\" content=\"Analyse de sc\u00e8nes compar\u00e9es de l\u2019\u00c9cole des femmes dans les mises en sc\u00e8ne de Vigner, Bezace, Lassalle et Braunschweig. En compl\u00e9ment de la s\u00e9ance d\u2019analyse de sc\u00e8nes compar\u00e9es de l\u2019\u00c9cole des femmes (dans les mises en sc\u00e8ne de Vigner, Bezace, Lassalle et Braunschweig), voici 3 interventions de Yannic Mancel :\" \/>\n<meta property=\"og:url\" content=\"https:\/\/operation-moliere.net\/index.php\/ressources\/ressources-pedagogiques\/ressources-issues-de-nos-formations\/des-ecoles-des-femmes\/\" \/>\n<meta property=\"og:site_name\" content=\"Op\u00e9ration Moli\u00e8re\" \/>\n<meta property=\"article:modified_time\" content=\"2023-06-05T15:22:05+00:00\" \/>\n<meta name=\"twitter:card\" content=\"summary_large_image\" \/>\n<meta name=\"twitter:label1\" content=\"Dur\u00e9e de lecture estim\u00e9e\" \/>\n\t<meta name=\"twitter:data1\" content=\"1 minute\" \/>\n<script type=\"application\/ld+json\" class=\"yoast-schema-graph\">{\"@context\":\"https:\\\/\\\/schema.org\",\"@graph\":[{\"@type\":\"WebPage\",\"@id\":\"https:\\\/\\\/operation-moliere.net\\\/index.php\\\/ressources\\\/ressources-pedagogiques\\\/ressources-issues-de-nos-formations\\\/des-ecoles-des-femmes\\\/\",\"url\":\"https:\\\/\\\/operation-moliere.net\\\/index.php\\\/ressources\\\/ressources-pedagogiques\\\/ressources-issues-de-nos-formations\\\/des-ecoles-des-femmes\\\/\",\"name\":\"L'\u00e9cole des femmes depuis Louis Jouvet - Op\u00e9ration Moli\u00e8re\",\"isPartOf\":{\"@id\":\"https:\\\/\\\/operation-moliere.net\\\/#website\"},\"datePublished\":\"2021-04-21T13:22:40+00:00\",\"dateModified\":\"2023-06-05T15:22:05+00:00\",\"breadcrumb\":{\"@id\":\"https:\\\/\\\/operation-moliere.net\\\/index.php\\\/ressources\\\/ressources-pedagogiques\\\/ressources-issues-de-nos-formations\\\/des-ecoles-des-femmes\\\/#breadcrumb\"},\"inLanguage\":\"fr-FR\",\"potentialAction\":[{\"@type\":\"ReadAction\",\"target\":[\"https:\\\/\\\/operation-moliere.net\\\/index.php\\\/ressources\\\/ressources-pedagogiques\\\/ressources-issues-de-nos-formations\\\/des-ecoles-des-femmes\\\/\"]}]},{\"@type\":\"BreadcrumbList\",\"@id\":\"https:\\\/\\\/operation-moliere.net\\\/index.php\\\/ressources\\\/ressources-pedagogiques\\\/ressources-issues-de-nos-formations\\\/des-ecoles-des-femmes\\\/#breadcrumb\",\"itemListElement\":[{\"@type\":\"ListItem\",\"position\":1,\"name\":\"Accueil\",\"item\":\"https:\\\/\\\/operation-moliere.net\\\/\"},{\"@type\":\"ListItem\",\"position\":2,\"name\":\"RESSOURCES\",\"item\":\"https:\\\/\\\/operation-moliere.net\\\/index.php\\\/ressources\\\/\"},{\"@type\":\"ListItem\",\"position\":3,\"name\":\"RESSOURCES P\u00c9DAGOGIQUES\",\"item\":\"https:\\\/\\\/operation-moliere.net\\\/index.php\\\/ressources\\\/ressources-pedagogiques\\\/\"},{\"@type\":\"ListItem\",\"position\":4,\"name\":\"Ressources issues de nos formations\",\"item\":\"https:\\\/\\\/operation-moliere.net\\\/index.php\\\/ressources\\\/ressources-pedagogiques\\\/ressources-issues-de-nos-formations\\\/\"},{\"@type\":\"ListItem\",\"position\":5,\"name\":\"L&#8217;\u00e9cole des femmes depuis Louis Jouvet\"}]},{\"@type\":\"WebSite\",\"@id\":\"https:\\\/\\\/operation-moliere.net\\\/#website\",\"url\":\"https:\\\/\\\/operation-moliere.net\\\/\",\"name\":\"Op\u00e9ration Moli\u00e8re\",\"description\":\"\",\"publisher\":{\"@id\":\"https:\\\/\\\/operation-moliere.net\\\/#organization\"},\"potentialAction\":[{\"@type\":\"SearchAction\",\"target\":{\"@type\":\"EntryPoint\",\"urlTemplate\":\"https:\\\/\\\/operation-moliere.net\\\/?s={search_term_string}\"},\"query-input\":{\"@type\":\"PropertyValueSpecification\",\"valueRequired\":true,\"valueName\":\"search_term_string\"}}],\"inLanguage\":\"fr-FR\"},{\"@type\":\"Organization\",\"@id\":\"https:\\\/\\\/operation-moliere.net\\\/#organization\",\"name\":\"Op\u00e9ration Moli\u00e8re\",\"url\":\"https:\\\/\\\/operation-moliere.net\\\/\",\"logo\":{\"@type\":\"ImageObject\",\"inLanguage\":\"fr-FR\",\"@id\":\"https:\\\/\\\/operation-moliere.net\\\/#\\\/schema\\\/logo\\\/image\\\/\",\"url\":\"https:\\\/\\\/i1.wp.com\\\/operati.cluster030.hosting.ovh.net\\\/wp-content\\\/uploads\\\/2020\\\/11\\\/logo_signature_min_remonte.jpg?fit=1750%2C1567\",\"contentUrl\":\"https:\\\/\\\/i1.wp.com\\\/operati.cluster030.hosting.ovh.net\\\/wp-content\\\/uploads\\\/2020\\\/11\\\/logo_signature_min_remonte.jpg?fit=1750%2C1567\",\"width\":1750,\"height\":1567,\"caption\":\"Op\u00e9ration Moli\u00e8re\"},\"image\":{\"@id\":\"https:\\\/\\\/operation-moliere.net\\\/#\\\/schema\\\/logo\\\/image\\\/\"}}]}<\/script>\n<!-- \/ Yoast SEO plugin. -->","yoast_head_json":{"title":"L'\u00e9cole des femmes depuis Louis Jouvet - Op\u00e9ration Moli\u00e8re","robots":{"index":"index","follow":"follow","max-snippet":"max-snippet:-1","max-image-preview":"max-image-preview:large","max-video-preview":"max-video-preview:-1"},"canonical":"https:\/\/operation-moliere.net\/index.php\/ressources\/ressources-pedagogiques\/ressources-issues-de-nos-formations\/des-ecoles-des-femmes\/","og_locale":"fr_FR","og_type":"article","og_title":"L'\u00e9cole des femmes depuis Louis Jouvet - Op\u00e9ration Moli\u00e8re","og_description":"Analyse de sc\u00e8nes compar\u00e9es de l\u2019\u00c9cole des femmes dans les mises en sc\u00e8ne de Vigner, Bezace, Lassalle et Braunschweig. En compl\u00e9ment de la s\u00e9ance d\u2019analyse de sc\u00e8nes compar\u00e9es de l\u2019\u00c9cole des femmes (dans les mises en sc\u00e8ne de Vigner, Bezace, Lassalle et Braunschweig), voici 3 interventions de Yannic Mancel :","og_url":"https:\/\/operation-moliere.net\/index.php\/ressources\/ressources-pedagogiques\/ressources-issues-de-nos-formations\/des-ecoles-des-femmes\/","og_site_name":"Op\u00e9ration Moli\u00e8re","article_modified_time":"2023-06-05T15:22:05+00:00","twitter_card":"summary_large_image","twitter_misc":{"Dur\u00e9e de lecture estim\u00e9e":"1 minute"},"schema":{"@context":"https:\/\/schema.org","@graph":[{"@type":"WebPage","@id":"https:\/\/operation-moliere.net\/index.php\/ressources\/ressources-pedagogiques\/ressources-issues-de-nos-formations\/des-ecoles-des-femmes\/","url":"https:\/\/operation-moliere.net\/index.php\/ressources\/ressources-pedagogiques\/ressources-issues-de-nos-formations\/des-ecoles-des-femmes\/","name":"L'\u00e9cole des femmes depuis Louis Jouvet - Op\u00e9ration Moli\u00e8re","isPartOf":{"@id":"https:\/\/operation-moliere.net\/#website"},"datePublished":"2021-04-21T13:22:40+00:00","dateModified":"2023-06-05T15:22:05+00:00","breadcrumb":{"@id":"https:\/\/operation-moliere.net\/index.php\/ressources\/ressources-pedagogiques\/ressources-issues-de-nos-formations\/des-ecoles-des-femmes\/#breadcrumb"},"inLanguage":"fr-FR","potentialAction":[{"@type":"ReadAction","target":["https:\/\/operation-moliere.net\/index.php\/ressources\/ressources-pedagogiques\/ressources-issues-de-nos-formations\/des-ecoles-des-femmes\/"]}]},{"@type":"BreadcrumbList","@id":"https:\/\/operation-moliere.net\/index.php\/ressources\/ressources-pedagogiques\/ressources-issues-de-nos-formations\/des-ecoles-des-femmes\/#breadcrumb","itemListElement":[{"@type":"ListItem","position":1,"name":"Accueil","item":"https:\/\/operation-moliere.net\/"},{"@type":"ListItem","position":2,"name":"RESSOURCES","item":"https:\/\/operation-moliere.net\/index.php\/ressources\/"},{"@type":"ListItem","position":3,"name":"RESSOURCES P\u00c9DAGOGIQUES","item":"https:\/\/operation-moliere.net\/index.php\/ressources\/ressources-pedagogiques\/"},{"@type":"ListItem","position":4,"name":"Ressources issues de nos formations","item":"https:\/\/operation-moliere.net\/index.php\/ressources\/ressources-pedagogiques\/ressources-issues-de-nos-formations\/"},{"@type":"ListItem","position":5,"name":"L&#8217;\u00e9cole des femmes depuis Louis Jouvet"}]},{"@type":"WebSite","@id":"https:\/\/operation-moliere.net\/#website","url":"https:\/\/operation-moliere.net\/","name":"Op\u00e9ration Moli\u00e8re","description":"","publisher":{"@id":"https:\/\/operation-moliere.net\/#organization"},"potentialAction":[{"@type":"SearchAction","target":{"@type":"EntryPoint","urlTemplate":"https:\/\/operation-moliere.net\/?s={search_term_string}"},"query-input":{"@type":"PropertyValueSpecification","valueRequired":true,"valueName":"search_term_string"}}],"inLanguage":"fr-FR"},{"@type":"Organization","@id":"https:\/\/operation-moliere.net\/#organization","name":"Op\u00e9ration Moli\u00e8re","url":"https:\/\/operation-moliere.net\/","logo":{"@type":"ImageObject","inLanguage":"fr-FR","@id":"https:\/\/operation-moliere.net\/#\/schema\/logo\/image\/","url":"https:\/\/i1.wp.com\/operati.cluster030.hosting.ovh.net\/wp-content\/uploads\/2020\/11\/logo_signature_min_remonte.jpg?fit=1750%2C1567","contentUrl":"https:\/\/i1.wp.com\/operati.cluster030.hosting.ovh.net\/wp-content\/uploads\/2020\/11\/logo_signature_min_remonte.jpg?fit=1750%2C1567","width":1750,"height":1567,"caption":"Op\u00e9ration Moli\u00e8re"},"image":{"@id":"https:\/\/operation-moliere.net\/#\/schema\/logo\/image\/"}}]}},"jetpack_sharing_enabled":true,"_links":{"self":[{"href":"https:\/\/operation-moliere.net\/index.php\/wp-json\/wp\/v2\/pages\/1820","targetHints":{"allow":["GET"]}}],"collection":[{"href":"https:\/\/operation-moliere.net\/index.php\/wp-json\/wp\/v2\/pages"}],"about":[{"href":"https:\/\/operation-moliere.net\/index.php\/wp-json\/wp\/v2\/types\/page"}],"author":[{"embeddable":true,"href":"https:\/\/operation-moliere.net\/index.php\/wp-json\/wp\/v2\/users\/1"}],"replies":[{"embeddable":true,"href":"https:\/\/operation-moliere.net\/index.php\/wp-json\/wp\/v2\/comments?post=1820"}],"version-history":[{"count":5,"href":"https:\/\/operation-moliere.net\/index.php\/wp-json\/wp\/v2\/pages\/1820\/revisions"}],"predecessor-version":[{"id":2990,"href":"https:\/\/operation-moliere.net\/index.php\/wp-json\/wp\/v2\/pages\/1820\/revisions\/2990"}],"up":[{"embeddable":true,"href":"https:\/\/operation-moliere.net\/index.php\/wp-json\/wp\/v2\/pages\/1690"}],"wp:attachment":[{"href":"https:\/\/operation-moliere.net\/index.php\/wp-json\/wp\/v2\/media?parent=1820"}],"curies":[{"name":"wp","href":"https:\/\/api.w.org\/{rel}","templated":true}]}}