{"id":1510,"date":"2021-01-13T14:08:58","date_gmt":"2021-01-13T13:08:58","guid":{"rendered":"http:\/\/operati.cluster030.hosting.ovh.net\/?page_id=1510"},"modified":"2023-06-05T17:32:33","modified_gmt":"2023-06-05T15:32:33","slug":"les-oeuvres-par-niveau-scolaire-indicatif","status":"publish","type":"page","link":"https:\/\/operation-moliere.net\/index.php\/outils-pedagogiques\/oeuvres-de-ou-en-echo-des-le-cp\/les-oeuvres-par-niveau-scolaire-indicatif\/","title":{"rendered":"Les \u0153uvres&#8230; par niveau scolaire (indicatif)"},"content":{"rendered":"\n<div class=\"wp-block-themeisle-blocks-advanced-columns has-1-columns has-desktop-equal-layout has-tablet-equal-layout has-mobile-equal-layout has-default-gap has-vertical-unset\" id=\"wp-block-themeisle-blocks-advanced-columns-bef0e8c6\"><div class=\"wp-block-themeisle-blocks-advanced-columns-overlay\"><\/div><div class=\"innerblocks-wrap\">\n<div class=\"wp-block-themeisle-blocks-advanced-column\" id=\"wp-block-themeisle-blocks-advanced-column-34cfb4f4\">\n<p><strong><span style=\"color:#851989\" class=\"has-inline-color\">Liste \u00e9tablie dans l&#8217;ordre chronologique des dates de repr\u00e9sentations<\/span><\/strong><\/p>\n\n\n\n<p>La Jalousie du Barbouill\u00e9 <em>(?)<\/em>&nbsp;: <strong>1<sup>er<\/sup> degr\u00e9 ; coll\u00e8ge (\u00e0 partir 6<sup>\u00e8me<\/sup>\/5<sup>\u00e8me<\/sup>)&nbsp;<\/strong><\/p>\n\n\n\n<p>Le M\u00e9decin volant <em>(?)<\/em>&nbsp;: <strong>1<sup>er<\/sup> degr\u00e9<\/strong><strong> <\/strong><strong>;<\/strong><strong> coll\u00e8ge (\u00e0 partir 6<sup>\u00e8me<\/sup>\/5<sup>\u00e8me<\/sup>)<\/strong><\/p>\n\n\n\n<p>L\u2019\u00c9tourdi <em>(Fin 1654)&nbsp;<\/em>: <strong>Lyc\u00e9e<\/strong><strong><\/strong><\/p>\n\n\n\n<p>Le D\u00e9pit amoureux <em>(16 d\u00e9cembre 1656)<\/em> : <strong>Lyc\u00e9e<\/strong><\/p>\n\n\n\n<p>Les Pr\u00e9cieuses ridicules <em>(18 novembre 1659)<\/em>&nbsp;: <strong>coll\u00e8ge (\u00e0 partir 4<sup>\u00e8me<\/sup>\/3<sup>\u00e8me<\/sup>)&nbsp;; <\/strong><strong>Lyc\u00e9e<\/strong><\/p>\n\n\n\n<p>Sganarelle ou le Cocu imaginaire <em>(28 mai 1660)<\/em> : <strong>Lyc\u00e9e<\/strong><\/p>\n\n\n\n<p>Dom Garcie de Navarre <em>(4 f\u00e9vrier 1661)<\/em> : <strong>Lyc\u00e9e<\/strong><\/p>\n\n\n\n<p>L\u2019\u00c9cole des maris <em>(24 juin 1661)<\/em> : <strong>Lyc\u00e9e<\/strong><\/p>\n\n\n\n<p>Les F\u00e2cheux <em>(17 ao\u00fbt 1661)<\/em> : <strong>Lyc\u00e9e<\/strong><\/p>\n\n\n\n<p>L\u2019\u00c9cole des femmes <em>(26 d\u00e9cembre 1662)<\/em> : <strong>Lyc\u00e9e<\/strong><\/p>\n\n\n\n<p>La Critique de L\u2019\u00c9cole des femmes <em>(1er juin 1663)<\/em> : <strong>Lyc\u00e9e<\/strong><\/p>\n\n\n\n<p>L\u2019Impromptu de Versailles <em>(14 Octobre 1663)<\/em> : <strong>Lyc\u00e9e<\/strong><\/p>\n\n\n\n<p>Le Mariage forc\u00e9 <em>(29 janvier 1664)<\/em>&nbsp;: <strong>coll\u00e8ge (\u00e0 partir 4<sup>\u00e8me<\/sup>\/3<sup>\u00e8me<\/sup>)&nbsp;; <\/strong><strong>Lyc\u00e9e<\/strong><strong><\/strong><\/p>\n\n\n\n<p>La Princesse d\u2019\u00c9lide <em>(8 mai 1664)<\/em> : <strong>Lyc\u00e9e<\/strong><\/p>\n\n\n\n<p>Le Tartuffe <em>(12 mai 1664)<\/em> : <strong>Lyc\u00e9e<\/strong><\/p>\n\n\n\n<p>Dom Juan <em>(15 f\u00e9vrier 1665)<\/em> : <strong>Lyc\u00e9e<\/strong><\/p>\n\n\n\n<p>L\u2019Amour M\u00e9decin <em>(15 septembre 1665)<\/em>&nbsp;: <strong>1<sup>er<\/sup> degr\u00e9<\/strong><strong> <\/strong><strong>;<\/strong><strong> coll\u00e8ge (\u00e0 partir 6<sup>\u00e8me<\/sup>\/5<sup>\u00e8me<\/sup>)<\/strong><\/p>\n\n\n\n<p>Le Misanthrope <em>(4 juin 1666)<\/em> : <strong>Lyc\u00e9e<\/strong><\/p>\n\n\n\n<p>Le M\u00e9decin malgr\u00e9 lui <em>(6 ao\u00fbt 1666)<\/em> : <strong>en extraits 1<sup>er<\/sup> degr\u00e9&nbsp;;<\/strong><strong> coll\u00e8ge (\u00e0 partir 6<sup>\u00e8me<\/sup>\/5<sup>\u00e8me<\/sup>)<\/strong><\/p>\n\n\n\n<p>M\u00e9licerte <em>(2 D\u00e9cembre 1666)<\/em> : <strong>Lyc\u00e9e<\/strong><\/p>\n\n\n\n<p>Pastorale comique <em>(5 janvier 1667)<\/em> : <strong>Lyc\u00e9e<\/strong><\/p>\n\n\n\n<p>Le Sicilien ou l\u2019Amour peintre <em>(14 F\u00e9vrier 1667)<\/em> : <strong>Lyc\u00e9e<\/strong><\/p>\n\n\n\n<p>Amphitryon <em>(13 janvier 1668)<\/em> : <strong>Lyc\u00e9e<\/strong><\/p>\n\n\n\n<p>George Dandin <em>(18 juillet 1668)<\/em> : <strong>coll\u00e8ge (\u00e0 partir 4<sup>\u00e8me<\/sup>\/3<sup>\u00e8me<\/sup>)&nbsp;; Lyc\u00e9e<\/strong><\/p>\n\n\n\n<p>L\u2019Avare <em>(9 septembre 1668)<\/em> <strong>: coll\u00e8ge (\u00e0 partir 4<sup>\u00e8me<\/sup>\/3<sup>\u00e8me<\/sup>)&nbsp;; <\/strong><strong>Lyc\u00e9e<\/strong><\/p>\n\n\n\n<p>Monsieur de Pourceaugnac <em>(6 octobre 1669)<\/em> : <strong>Lyc\u00e9e<\/strong><\/p>\n\n\n\n<p>Les Amants magnifiques <em>(4 f\u00e9vrier 1670)<\/em> : <strong>Lyc\u00e9e<\/strong><\/p>\n\n\n\n<p>Le Bourgeois gentilhomme <em>(14 octobre 1670)<\/em> <strong>:<\/strong><strong> en extraits 1<sup>er<\/sup> degr\u00e9 et 6<sup>\u00e8me<\/sup>\/5<sup>\u00e8me <\/sup>;<\/strong> <strong>coll\u00e8ge (\u00e0 partir 4<sup>\u00e8me<\/sup>\/3<sup>\u00e8me<\/sup>)<\/strong>&nbsp;; <strong>Lyc\u00e9e<\/strong><\/p>\n\n\n\n<p>Psych\u00e9 <em>(17 janvier 1671)<\/em> : <strong>Lyc\u00e9e<\/strong><\/p>\n\n\n\n<p>Les Fourberies de Scapin <em>(24 mai 1671)<\/em> : <strong>en extraits 1<sup>er<\/sup> degr\u00e9&nbsp;; <\/strong><strong>coll\u00e8ge (\u00e0 partir 6<sup>\u00e8me<\/sup>\/5<sup>\u00e8me<\/sup>)<\/strong><\/p>\n\n\n\n<p>La Comtesse d\u2019Escarbagnas <em>(2 d\u00e9cembre 1671)<\/em> : <strong>Lyc\u00e9e<\/strong><\/p>\n\n\n\n<p>Les Femmes savantes <em>(11 mars 1672)<\/em> : <strong>coll\u00e8ge (\u00e0 partir 4<sup>\u00e8me<\/sup>\/3<sup>\u00e8me<\/sup>)&nbsp;; <\/strong><strong>Lyc\u00e9e<\/strong><\/p>\n\n\n\n<p>Le Malade imaginaire <em>(10 f\u00e9vrier 1673)<\/em> : <strong>en extraits 1<sup>er<\/sup> degr\u00e9 et 6<sup>\u00e8me<\/sup>\/5<sup>\u00e8me <\/sup>; <\/strong><strong>coll\u00e8ge&nbsp;(\u00e0 partir 4<sup>\u00e8me<\/sup>\/3<sup>\u00e8me<\/sup>)&nbsp;; <\/strong><strong>Lyc\u00e9e<\/strong><strong><\/strong><\/p>\n<\/div>\n<\/div><\/div>\n","protected":false},"excerpt":{"rendered":"","protected":false},"author":1,"featured_media":0,"parent":472,"menu_order":1,"comment_status":"closed","ping_status":"closed","template":"","meta":{"footnotes":""},"class_list":["post-1510","page","type-page","status-publish","hentry"],"yoast_head":"<!-- This site is optimized with the Yoast SEO plugin v27.4 - https:\/\/yoast.com\/product\/yoast-seo-wordpress\/ -->\n<title>Les \u0153uvres... par niveau scolaire (indicatif) - Op\u00e9ration Moli\u00e8re<\/title>\n<meta name=\"description\" content=\"\u0152uvres de Moli\u00e8re ... par niveau scolaire (\u00e0 titre indicatif)\" \/>\n<meta name=\"robots\" content=\"index, follow, max-snippet:-1, max-image-preview:large, max-video-preview:-1\" \/>\n<link rel=\"canonical\" href=\"https:\/\/operation-moliere.net\/index.php\/outils-pedagogiques\/oeuvres-de-ou-en-echo-des-le-cp\/les-oeuvres-par-niveau-scolaire-indicatif\/\" \/>\n<meta property=\"og:locale\" content=\"fr_FR\" \/>\n<meta property=\"og:type\" content=\"article\" \/>\n<meta property=\"og:title\" content=\"Les \u0153uvres... par niveau scolaire (indicatif) - Op\u00e9ration Moli\u00e8re\" \/>\n<meta property=\"og:description\" content=\"\u0152uvres de Moli\u00e8re ... par niveau scolaire (\u00e0 titre indicatif)\" \/>\n<meta property=\"og:url\" content=\"https:\/\/operation-moliere.net\/index.php\/outils-pedagogiques\/oeuvres-de-ou-en-echo-des-le-cp\/les-oeuvres-par-niveau-scolaire-indicatif\/\" \/>\n<meta property=\"og:site_name\" content=\"Op\u00e9ration Moli\u00e8re\" \/>\n<meta property=\"article:modified_time\" content=\"2023-06-05T15:32:33+00:00\" \/>\n<meta name=\"twitter:card\" content=\"summary_large_image\" \/>\n<meta name=\"twitter:label1\" content=\"Dur\u00e9e de lecture estim\u00e9e\" \/>\n\t<meta name=\"twitter:data1\" content=\"2 minutes\" \/>\n<script type=\"application\/ld+json\" class=\"yoast-schema-graph\">{\"@context\":\"https:\\\/\\\/schema.org\",\"@graph\":[{\"@type\":\"WebPage\",\"@id\":\"https:\\\/\\\/operation-moliere.net\\\/index.php\\\/outils-pedagogiques\\\/oeuvres-de-ou-en-echo-des-le-cp\\\/les-oeuvres-par-niveau-scolaire-indicatif\\\/\",\"url\":\"https:\\\/\\\/operation-moliere.net\\\/index.php\\\/outils-pedagogiques\\\/oeuvres-de-ou-en-echo-des-le-cp\\\/les-oeuvres-par-niveau-scolaire-indicatif\\\/\",\"name\":\"Les \u0153uvres... par niveau scolaire (indicatif) - Op\u00e9ration Moli\u00e8re\",\"isPartOf\":{\"@id\":\"https:\\\/\\\/operation-moliere.net\\\/#website\"},\"datePublished\":\"2021-01-13T13:08:58+00:00\",\"dateModified\":\"2023-06-05T15:32:33+00:00\",\"description\":\"\u0152uvres de Moli\u00e8re ... par niveau scolaire (\u00e0 titre indicatif)\",\"breadcrumb\":{\"@id\":\"https:\\\/\\\/operation-moliere.net\\\/index.php\\\/outils-pedagogiques\\\/oeuvres-de-ou-en-echo-des-le-cp\\\/les-oeuvres-par-niveau-scolaire-indicatif\\\/#breadcrumb\"},\"inLanguage\":\"fr-FR\",\"potentialAction\":[{\"@type\":\"ReadAction\",\"target\":[\"https:\\\/\\\/operation-moliere.net\\\/index.php\\\/outils-pedagogiques\\\/oeuvres-de-ou-en-echo-des-le-cp\\\/les-oeuvres-par-niveau-scolaire-indicatif\\\/\"]}]},{\"@type\":\"BreadcrumbList\",\"@id\":\"https:\\\/\\\/operation-moliere.net\\\/index.php\\\/outils-pedagogiques\\\/oeuvres-de-ou-en-echo-des-le-cp\\\/les-oeuvres-par-niveau-scolaire-indicatif\\\/#breadcrumb\",\"itemListElement\":[{\"@type\":\"ListItem\",\"position\":1,\"name\":\"Accueil\",\"item\":\"https:\\\/\\\/operation-moliere.net\\\/\"},{\"@type\":\"ListItem\",\"position\":2,\"name\":\"OUTILS P\u00c9DAGOGIQUES ET LUDIQUES\",\"item\":\"https:\\\/\\\/operation-moliere.net\\\/index.php\\\/outils-pedagogiques\\\/\"},{\"@type\":\"ListItem\",\"position\":3,\"name\":\"\u0152UVRES DE, D&#8217;APR\u00c8S OU EN \u00c9CHO&#8230;D\u00c8S LE CP\",\"item\":\"https:\\\/\\\/operation-moliere.net\\\/index.php\\\/outils-pedagogiques\\\/oeuvres-de-ou-en-echo-des-le-cp\\\/\"},{\"@type\":\"ListItem\",\"position\":4,\"name\":\"Les \u0153uvres&#8230; par niveau scolaire (indicatif)\"}]},{\"@type\":\"WebSite\",\"@id\":\"https:\\\/\\\/operation-moliere.net\\\/#website\",\"url\":\"https:\\\/\\\/operation-moliere.net\\\/\",\"name\":\"Op\u00e9ration Moli\u00e8re\",\"description\":\"\",\"publisher\":{\"@id\":\"https:\\\/\\\/operation-moliere.net\\\/#organization\"},\"potentialAction\":[{\"@type\":\"SearchAction\",\"target\":{\"@type\":\"EntryPoint\",\"urlTemplate\":\"https:\\\/\\\/operation-moliere.net\\\/?s={search_term_string}\"},\"query-input\":{\"@type\":\"PropertyValueSpecification\",\"valueRequired\":true,\"valueName\":\"search_term_string\"}}],\"inLanguage\":\"fr-FR\"},{\"@type\":\"Organization\",\"@id\":\"https:\\\/\\\/operation-moliere.net\\\/#organization\",\"name\":\"Op\u00e9ration Moli\u00e8re\",\"url\":\"https:\\\/\\\/operation-moliere.net\\\/\",\"logo\":{\"@type\":\"ImageObject\",\"inLanguage\":\"fr-FR\",\"@id\":\"https:\\\/\\\/operation-moliere.net\\\/#\\\/schema\\\/logo\\\/image\\\/\",\"url\":\"https:\\\/\\\/i1.wp.com\\\/operati.cluster030.hosting.ovh.net\\\/wp-content\\\/uploads\\\/2020\\\/11\\\/logo_signature_min_remonte.jpg?fit=1750%2C1567\",\"contentUrl\":\"https:\\\/\\\/i1.wp.com\\\/operati.cluster030.hosting.ovh.net\\\/wp-content\\\/uploads\\\/2020\\\/11\\\/logo_signature_min_remonte.jpg?fit=1750%2C1567\",\"width\":1750,\"height\":1567,\"caption\":\"Op\u00e9ration Moli\u00e8re\"},\"image\":{\"@id\":\"https:\\\/\\\/operation-moliere.net\\\/#\\\/schema\\\/logo\\\/image\\\/\"}}]}<\/script>\n<!-- \/ Yoast SEO plugin. -->","yoast_head_json":{"title":"Les \u0153uvres... par niveau scolaire (indicatif) - Op\u00e9ration Moli\u00e8re","description":"\u0152uvres de Moli\u00e8re ... par niveau scolaire (\u00e0 titre indicatif)","robots":{"index":"index","follow":"follow","max-snippet":"max-snippet:-1","max-image-preview":"max-image-preview:large","max-video-preview":"max-video-preview:-1"},"canonical":"https:\/\/operation-moliere.net\/index.php\/outils-pedagogiques\/oeuvres-de-ou-en-echo-des-le-cp\/les-oeuvres-par-niveau-scolaire-indicatif\/","og_locale":"fr_FR","og_type":"article","og_title":"Les \u0153uvres... par niveau scolaire (indicatif) - Op\u00e9ration Moli\u00e8re","og_description":"\u0152uvres de Moli\u00e8re ... par niveau scolaire (\u00e0 titre indicatif)","og_url":"https:\/\/operation-moliere.net\/index.php\/outils-pedagogiques\/oeuvres-de-ou-en-echo-des-le-cp\/les-oeuvres-par-niveau-scolaire-indicatif\/","og_site_name":"Op\u00e9ration Moli\u00e8re","article_modified_time":"2023-06-05T15:32:33+00:00","twitter_card":"summary_large_image","twitter_misc":{"Dur\u00e9e de lecture estim\u00e9e":"2 minutes"},"schema":{"@context":"https:\/\/schema.org","@graph":[{"@type":"WebPage","@id":"https:\/\/operation-moliere.net\/index.php\/outils-pedagogiques\/oeuvres-de-ou-en-echo-des-le-cp\/les-oeuvres-par-niveau-scolaire-indicatif\/","url":"https:\/\/operation-moliere.net\/index.php\/outils-pedagogiques\/oeuvres-de-ou-en-echo-des-le-cp\/les-oeuvres-par-niveau-scolaire-indicatif\/","name":"Les \u0153uvres... par niveau scolaire (indicatif) - Op\u00e9ration Moli\u00e8re","isPartOf":{"@id":"https:\/\/operation-moliere.net\/#website"},"datePublished":"2021-01-13T13:08:58+00:00","dateModified":"2023-06-05T15:32:33+00:00","description":"\u0152uvres de Moli\u00e8re ... par niveau scolaire (\u00e0 titre indicatif)","breadcrumb":{"@id":"https:\/\/operation-moliere.net\/index.php\/outils-pedagogiques\/oeuvres-de-ou-en-echo-des-le-cp\/les-oeuvres-par-niveau-scolaire-indicatif\/#breadcrumb"},"inLanguage":"fr-FR","potentialAction":[{"@type":"ReadAction","target":["https:\/\/operation-moliere.net\/index.php\/outils-pedagogiques\/oeuvres-de-ou-en-echo-des-le-cp\/les-oeuvres-par-niveau-scolaire-indicatif\/"]}]},{"@type":"BreadcrumbList","@id":"https:\/\/operation-moliere.net\/index.php\/outils-pedagogiques\/oeuvres-de-ou-en-echo-des-le-cp\/les-oeuvres-par-niveau-scolaire-indicatif\/#breadcrumb","itemListElement":[{"@type":"ListItem","position":1,"name":"Accueil","item":"https:\/\/operation-moliere.net\/"},{"@type":"ListItem","position":2,"name":"OUTILS P\u00c9DAGOGIQUES ET LUDIQUES","item":"https:\/\/operation-moliere.net\/index.php\/outils-pedagogiques\/"},{"@type":"ListItem","position":3,"name":"\u0152UVRES DE, D&#8217;APR\u00c8S OU EN \u00c9CHO&#8230;D\u00c8S LE CP","item":"https:\/\/operation-moliere.net\/index.php\/outils-pedagogiques\/oeuvres-de-ou-en-echo-des-le-cp\/"},{"@type":"ListItem","position":4,"name":"Les \u0153uvres&#8230; par niveau scolaire (indicatif)"}]},{"@type":"WebSite","@id":"https:\/\/operation-moliere.net\/#website","url":"https:\/\/operation-moliere.net\/","name":"Op\u00e9ration Moli\u00e8re","description":"","publisher":{"@id":"https:\/\/operation-moliere.net\/#organization"},"potentialAction":[{"@type":"SearchAction","target":{"@type":"EntryPoint","urlTemplate":"https:\/\/operation-moliere.net\/?s={search_term_string}"},"query-input":{"@type":"PropertyValueSpecification","valueRequired":true,"valueName":"search_term_string"}}],"inLanguage":"fr-FR"},{"@type":"Organization","@id":"https:\/\/operation-moliere.net\/#organization","name":"Op\u00e9ration Moli\u00e8re","url":"https:\/\/operation-moliere.net\/","logo":{"@type":"ImageObject","inLanguage":"fr-FR","@id":"https:\/\/operation-moliere.net\/#\/schema\/logo\/image\/","url":"https:\/\/i1.wp.com\/operati.cluster030.hosting.ovh.net\/wp-content\/uploads\/2020\/11\/logo_signature_min_remonte.jpg?fit=1750%2C1567","contentUrl":"https:\/\/i1.wp.com\/operati.cluster030.hosting.ovh.net\/wp-content\/uploads\/2020\/11\/logo_signature_min_remonte.jpg?fit=1750%2C1567","width":1750,"height":1567,"caption":"Op\u00e9ration Moli\u00e8re"},"image":{"@id":"https:\/\/operation-moliere.net\/#\/schema\/logo\/image\/"}}]}},"jetpack_sharing_enabled":true,"_links":{"self":[{"href":"https:\/\/operation-moliere.net\/index.php\/wp-json\/wp\/v2\/pages\/1510","targetHints":{"allow":["GET"]}}],"collection":[{"href":"https:\/\/operation-moliere.net\/index.php\/wp-json\/wp\/v2\/pages"}],"about":[{"href":"https:\/\/operation-moliere.net\/index.php\/wp-json\/wp\/v2\/types\/page"}],"author":[{"embeddable":true,"href":"https:\/\/operation-moliere.net\/index.php\/wp-json\/wp\/v2\/users\/1"}],"replies":[{"embeddable":true,"href":"https:\/\/operation-moliere.net\/index.php\/wp-json\/wp\/v2\/comments?post=1510"}],"version-history":[{"count":5,"href":"https:\/\/operation-moliere.net\/index.php\/wp-json\/wp\/v2\/pages\/1510\/revisions"}],"predecessor-version":[{"id":1593,"href":"https:\/\/operation-moliere.net\/index.php\/wp-json\/wp\/v2\/pages\/1510\/revisions\/1593"}],"up":[{"embeddable":true,"href":"https:\/\/operation-moliere.net\/index.php\/wp-json\/wp\/v2\/pages\/472"}],"wp:attachment":[{"href":"https:\/\/operation-moliere.net\/index.php\/wp-json\/wp\/v2\/media?parent=1510"}],"curies":[{"name":"wp","href":"https:\/\/api.w.org\/{rel}","templated":true}]}}